{"id":146,"date":"2017-06-14T15:13:49","date_gmt":"2017-06-14T13:13:49","guid":{"rendered":"http:\/\/bikerstammtisch\/?page_id=146"},"modified":"2017-06-14T15:13:49","modified_gmt":"2017-06-14T13:13:49","slug":"pressemitteilungen","status":"publish","type":"page","link":"https:\/\/bikerstammtisch-kiebitzreihe.de\/?page_id=146","title":{"rendered":"Pressemitteilungen"},"content":{"rendered":"<p>Hier sammeln wir undsere Artikel aus den Medien.<\/p>\n\n<table id=\"tablepress-1\" class=\"tablepress tablepress-id-1\">\n<tbody>\n<tr class=\"row-1\">\n\t<td class=\"column-1\"><strong>2017<\/strong><\/td><td class=\"column-2\"><div id=\"attachment_158\" style=\"width: 160px\" class=\"wp-caption aligncenter\"><a href=\"\/?attachment_id=158\" rel=\"attachment wp-att-158\"><img loading=\"lazy\" decoding=\"async\" aria-describedby=\"caption-attachment-158\" src=\"\/wp-content\/uploads\/2017\/06\/Vorschau-4-150x150.jpg\" alt=\"\" width=\"150\" height=\"150\" class=\"size-thumbnail wp-image-158\" srcset=\"https:\/\/i0.wp.com\/bikerstammtisch-kiebitzreihe.de\/wp-content\/uploads\/2017\/06\/Vorschau-4.jpg?resize=150%2C150&amp;ssl=1 150w, https:\/\/i0.wp.com\/bikerstammtisch-kiebitzreihe.de\/wp-content\/uploads\/2017\/06\/Vorschau-4.jpg?resize=100%2C100&amp;ssl=1 100w, https:\/\/i0.wp.com\/bikerstammtisch-kiebitzreihe.de\/wp-content\/uploads\/2017\/06\/Vorschau-4.jpg?zoom=2&amp;resize=150%2C150&amp;ssl=1 300w, https:\/\/i0.wp.com\/bikerstammtisch-kiebitzreihe.de\/wp-content\/uploads\/2017\/06\/Vorschau-4.jpg?zoom=3&amp;resize=150%2C150&amp;ssl=1 450w\" sizes=\"auto, (max-width: 150px) 100vw, 150px\" \/><\/a><p id=\"caption-attachment-158\" class=\"wp-caption-text\">Vorbericht 4. Motorrasdgottesdienst<\/p><\/div><\/td>\n<\/tr>\n<tr class=\"row-2\">\n\t<td class=\"column-1\"><\/td><td class=\"column-2\"><div id=\"attachment_155\" style=\"width: 160px\" class=\"wp-caption aligncenter\"><a href=\"\/?attachment_id=155\" rel=\"attachment wp-att-155\"><img loading=\"lazy\" decoding=\"async\" aria-describedby=\"caption-attachment-155\" src=\"\/wp-content\/uploads\/2017\/06\/Rueckblick-auf-3-150x150.jpg\" alt=\"\" width=\"150\" height=\"150\" class=\"size-thumbnail wp-image-155\" srcset=\"https:\/\/i0.wp.com\/bikerstammtisch-kiebitzreihe.de\/wp-content\/uploads\/2017\/06\/Rueckblick-auf-3.jpg?resize=150%2C150&amp;ssl=1 150w, https:\/\/i0.wp.com\/bikerstammtisch-kiebitzreihe.de\/wp-content\/uploads\/2017\/06\/Rueckblick-auf-3.jpg?resize=100%2C100&amp;ssl=1 100w, https:\/\/i0.wp.com\/bikerstammtisch-kiebitzreihe.de\/wp-content\/uploads\/2017\/06\/Rueckblick-auf-3.jpg?resize=900%2C900&amp;ssl=1 900w, https:\/\/i0.wp.com\/bikerstammtisch-kiebitzreihe.de\/wp-content\/uploads\/2017\/06\/Rueckblick-auf-3.jpg?resize=1200%2C1200&amp;ssl=1 1200w, https:\/\/i0.wp.com\/bikerstammtisch-kiebitzreihe.de\/wp-content\/uploads\/2017\/06\/Rueckblick-auf-3.jpg?zoom=2&amp;resize=150%2C150&amp;ssl=1 300w, https:\/\/i0.wp.com\/bikerstammtisch-kiebitzreihe.de\/wp-content\/uploads\/2017\/06\/Rueckblick-auf-3.jpg?zoom=3&amp;resize=150%2C150&amp;ssl=1 450w\" sizes=\"auto, (max-width: 150px) 100vw, 150px\" \/><\/a><p id=\"caption-attachment-155\" class=\"wp-caption-text\">R\u00fcckblick auf 3. Motorradgottesdienst 2016<\/p><\/div><\/td>\n<\/tr>\n<tr class=\"row-3\">\n\t<td class=\"column-1\"><\/td><td class=\"column-2\"><div id=\"attachment_154\" style=\"width: 160px\" class=\"wp-caption aligncenter\"><a href=\"\/?attachment_id=154\" rel=\"attachment wp-att-154\"><img loading=\"lazy\" decoding=\"async\" aria-describedby=\"caption-attachment-154\" src=\"\/wp-content\/uploads\/2017\/06\/Bericht-MoGo-in-den-EN-am-17.04.17-150x150.jpg\" alt=\"\" width=\"150\" height=\"150\" class=\"size-thumbnail wp-image-154\" srcset=\"https:\/\/i0.wp.com\/bikerstammtisch-kiebitzreihe.de\/wp-content\/uploads\/2017\/06\/Bericht-MoGo-in-den-EN-am-17.04.17.jpg?resize=150%2C150&amp;ssl=1 150w, https:\/\/i0.wp.com\/bikerstammtisch-kiebitzreihe.de\/wp-content\/uploads\/2017\/06\/Bericht-MoGo-in-den-EN-am-17.04.17.jpg?resize=100%2C100&amp;ssl=1 100w, https:\/\/i0.wp.com\/bikerstammtisch-kiebitzreihe.de\/wp-content\/uploads\/2017\/06\/Bericht-MoGo-in-den-EN-am-17.04.17.jpg?resize=900%2C900&amp;ssl=1 900w, https:\/\/i0.wp.com\/bikerstammtisch-kiebitzreihe.de\/wp-content\/uploads\/2017\/06\/Bericht-MoGo-in-den-EN-am-17.04.17.jpg?resize=1200%2C1200&amp;ssl=1 1200w, https:\/\/i0.wp.com\/bikerstammtisch-kiebitzreihe.de\/wp-content\/uploads\/2017\/06\/Bericht-MoGo-in-den-EN-am-17.04.17.jpg?zoom=2&amp;resize=150%2C150&amp;ssl=1 300w, https:\/\/i0.wp.com\/bikerstammtisch-kiebitzreihe.de\/wp-content\/uploads\/2017\/06\/Bericht-MoGo-in-den-EN-am-17.04.17.jpg?zoom=3&amp;resize=150%2C150&amp;ssl=1 450w\" sizes=\"auto, (max-width: 150px) 100vw, 150px\" \/><\/a><p id=\"caption-attachment-154\" class=\"wp-caption-text\">Artikel der EN vom 17. April 2017<\/p><\/div><\/td>\n<\/tr>\n<tr class=\"row-4\">\n\t<td class=\"column-1\"><\/td><td class=\"column-2\"><div id=\"attachment_153\" style=\"width: 806px\" class=\"wp-caption aligncenter\"><a href=\"\/?attachment_id=153\" rel=\"attachment wp-att-153\"><img loading=\"lazy\" decoding=\"async\" aria-describedby=\"caption-attachment-153\" src=\"\/wp-content\/uploads\/2017\/06\/Stadtmagazin-2017.bmp\" alt=\"\" width=\"796\" height=\"399\" class=\"size-full wp-image-153\" srcset=\"https:\/\/bikerstammtisch-kiebitzreihe.de\/wp-content\/uploads\/2017\/06\/Stadtmagazin-2017.bmp 796w, https:\/\/bikerstammtisch-kiebitzreihe.de\/wp-content\/uploads\/2017\/06\/Stadtmagazin-2017.bmp 300w\" sizes=\"auto, (max-width: 640px) 100vw, 640px\" \/><\/a><p id=\"caption-attachment-153\" class=\"wp-caption-text\">Stadtmagazin Elmshorn Mai 2017<\/p><\/div><\/td>\n<\/tr>\n<tr class=\"row-5\">\n\t<td class=\"column-1\"><\/td><td class=\"column-2\"><div id=\"attachment_157\" style=\"width: 160px\" class=\"wp-caption aligncenter\"><a href=\"\/?attachment_id=157\" rel=\"attachment wp-att-157\"><img loading=\"lazy\" decoding=\"async\" aria-describedby=\"caption-attachment-157\" src=\"\/wp-content\/uploads\/2017\/06\/Gemeindebrief-Kiebitzreihe-Fruehjahr-2017-150x150.jpg\" alt=\"\" width=\"150\" height=\"150\" class=\"size-thumbnail wp-image-157\" srcset=\"https:\/\/i0.wp.com\/bikerstammtisch-kiebitzreihe.de\/wp-content\/uploads\/2017\/06\/Gemeindebrief-Kiebitzreihe-Fruehjahr-2017.jpg?resize=150%2C150&amp;ssl=1 150w, https:\/\/i0.wp.com\/bikerstammtisch-kiebitzreihe.de\/wp-content\/uploads\/2017\/06\/Gemeindebrief-Kiebitzreihe-Fruehjahr-2017.jpg?resize=100%2C100&amp;ssl=1 100w, https:\/\/i0.wp.com\/bikerstammtisch-kiebitzreihe.de\/wp-content\/uploads\/2017\/06\/Gemeindebrief-Kiebitzreihe-Fruehjahr-2017.jpg?resize=900%2C900&amp;ssl=1 900w, https:\/\/i0.wp.com\/bikerstammtisch-kiebitzreihe.de\/wp-content\/uploads\/2017\/06\/Gemeindebrief-Kiebitzreihe-Fruehjahr-2017.jpg?zoom=2&amp;resize=150%2C150&amp;ssl=1 300w, https:\/\/i0.wp.com\/bikerstammtisch-kiebitzreihe.de\/wp-content\/uploads\/2017\/06\/Gemeindebrief-Kiebitzreihe-Fruehjahr-2017.jpg?zoom=3&amp;resize=150%2C150&amp;ssl=1 450w\" sizes=\"auto, (max-width: 150px) 100vw, 150px\" \/><\/a><p id=\"caption-attachment-157\" class=\"wp-caption-text\">Gemeindebrief Kiebitzreihe, Ausgabe Fr\u00fchjahr 2017<\/p><\/div><\/td>\n<\/tr>\n<tr class=\"row-6\">\n\t<td class=\"column-1\"><\/td><td class=\"column-2\"><div id=\"attachment_156\" style=\"width: 160px\" class=\"wp-caption aligncenter\"><a href=\"\/?attachment_id=156\" rel=\"attachment wp-att-156\"><img loading=\"lazy\" decoding=\"async\" aria-describedby=\"caption-attachment-156\" src=\"\/wp-content\/uploads\/2017\/06\/Moin-Holstein-Mai-2017-150x150.jpg\" alt=\"\" width=\"150\" height=\"150\" class=\"size-thumbnail wp-image-156\" srcset=\"https:\/\/i0.wp.com\/bikerstammtisch-kiebitzreihe.de\/wp-content\/uploads\/2017\/06\/Moin-Holstein-Mai-2017.jpg?resize=150%2C150&amp;ssl=1 150w, https:\/\/i0.wp.com\/bikerstammtisch-kiebitzreihe.de\/wp-content\/uploads\/2017\/06\/Moin-Holstein-Mai-2017.jpg?resize=100%2C100&amp;ssl=1 100w, https:\/\/i0.wp.com\/bikerstammtisch-kiebitzreihe.de\/wp-content\/uploads\/2017\/06\/Moin-Holstein-Mai-2017.jpg?zoom=2&amp;resize=150%2C150&amp;ssl=1 300w, https:\/\/i0.wp.com\/bikerstammtisch-kiebitzreihe.de\/wp-content\/uploads\/2017\/06\/Moin-Holstein-Mai-2017.jpg?zoom=3&amp;resize=150%2C150&amp;ssl=1 450w\" sizes=\"auto, (max-width: 150px) 100vw, 150px\" \/><\/a><p id=\"caption-attachment-156\" class=\"wp-caption-text\">Moin Holstein Mai 2017<\/p><\/div><\/td>\n<\/tr>\n<tr class=\"row-7\">\n\t<td class=\"column-1\"><strong>2016<\/strong><\/td><td class=\"column-2\"><div id=\"attachment_173\" style=\"width: 160px\" class=\"wp-caption aligncenter\"><a href=\"\/?attachment_id=173\" rel=\"attachment wp-att-173\"><img loading=\"lazy\" decoding=\"async\" aria-describedby=\"caption-attachment-173\" src=\"\/wp-content\/uploads\/2017\/06\/Gemeindebrief-150x150.jpeg\" alt=\"\" width=\"150\" height=\"150\" class=\"size-thumbnail wp-image-173\" srcset=\"https:\/\/i0.wp.com\/bikerstammtisch-kiebitzreihe.de\/wp-content\/uploads\/2017\/06\/Gemeindebrief.jpeg?resize=150%2C150&amp;ssl=1 150w, https:\/\/i0.wp.com\/bikerstammtisch-kiebitzreihe.de\/wp-content\/uploads\/2017\/06\/Gemeindebrief.jpeg?resize=100%2C100&amp;ssl=1 100w, https:\/\/i0.wp.com\/bikerstammtisch-kiebitzreihe.de\/wp-content\/uploads\/2017\/06\/Gemeindebrief.jpeg?zoom=2&amp;resize=150%2C150&amp;ssl=1 300w, https:\/\/i0.wp.com\/bikerstammtisch-kiebitzreihe.de\/wp-content\/uploads\/2017\/06\/Gemeindebrief.jpeg?zoom=3&amp;resize=150%2C150&amp;ssl=1 450w\" sizes=\"auto, (max-width: 150px) 100vw, 150px\" \/><\/a><p id=\"caption-attachment-173\" class=\"wp-caption-text\">Gemeindebrief Motorradgottesdienst<\/p><\/div><\/td>\n<\/tr>\n<tr class=\"row-8\">\n\t<td class=\"column-1\"><\/td><td class=\"column-2\"><div id=\"attachment_172\" style=\"width: 160px\" class=\"wp-caption aligncenter\"><a href=\"\/?attachment_id=172\" rel=\"attachment wp-att-172\"><img loading=\"lazy\" decoding=\"async\" aria-describedby=\"caption-attachment-172\" src=\"\/wp-content\/uploads\/2017\/06\/Kiebitzreihe-aktuell-150x150.jpeg\" alt=\"\" width=\"150\" height=\"150\" class=\"size-thumbnail wp-image-172\" srcset=\"https:\/\/i0.wp.com\/bikerstammtisch-kiebitzreihe.de\/wp-content\/uploads\/2017\/06\/Kiebitzreihe-aktuell.jpeg?resize=150%2C150&amp;ssl=1 150w, https:\/\/i0.wp.com\/bikerstammtisch-kiebitzreihe.de\/wp-content\/uploads\/2017\/06\/Kiebitzreihe-aktuell.jpeg?resize=100%2C100&amp;ssl=1 100w, https:\/\/i0.wp.com\/bikerstammtisch-kiebitzreihe.de\/wp-content\/uploads\/2017\/06\/Kiebitzreihe-aktuell.jpeg?resize=900%2C900&amp;ssl=1 900w, https:\/\/i0.wp.com\/bikerstammtisch-kiebitzreihe.de\/wp-content\/uploads\/2017\/06\/Kiebitzreihe-aktuell.jpeg?zoom=2&amp;resize=150%2C150&amp;ssl=1 300w, https:\/\/i0.wp.com\/bikerstammtisch-kiebitzreihe.de\/wp-content\/uploads\/2017\/06\/Kiebitzreihe-aktuell.jpeg?zoom=3&amp;resize=150%2C150&amp;ssl=1 450w\" sizes=\"auto, (max-width: 150px) 100vw, 150px\" \/><\/a><p id=\"caption-attachment-172\" class=\"wp-caption-text\">Kiebitzreihe aktuell Vorbericht Motorradgottesdienst<\/p><\/div><\/td>\n<\/tr>\n<tr class=\"row-9\">\n\t<td class=\"column-1\"><\/td><td class=\"column-2\"><div id=\"attachment_171\" style=\"width: 160px\" class=\"wp-caption aligncenter\"><a href=\"\/?attachment_id=171\" rel=\"attachment wp-att-171\"><img loading=\"lazy\" decoding=\"async\" aria-describedby=\"caption-attachment-171\" src=\"\/wp-content\/uploads\/2017\/06\/Elmshorner-Nachrichten-07.04.2016-150x150.jpeg\" alt=\"\" width=\"150\" height=\"150\" class=\"size-thumbnail wp-image-171\" srcset=\"https:\/\/i0.wp.com\/bikerstammtisch-kiebitzreihe.de\/wp-content\/uploads\/2017\/06\/Elmshorner-Nachrichten-07.04.2016.jpeg?resize=150%2C150&amp;ssl=1 150w, https:\/\/i0.wp.com\/bikerstammtisch-kiebitzreihe.de\/wp-content\/uploads\/2017\/06\/Elmshorner-Nachrichten-07.04.2016.jpeg?resize=100%2C100&amp;ssl=1 100w, https:\/\/i0.wp.com\/bikerstammtisch-kiebitzreihe.de\/wp-content\/uploads\/2017\/06\/Elmshorner-Nachrichten-07.04.2016.jpeg?zoom=2&amp;resize=150%2C150&amp;ssl=1 300w, https:\/\/i0.wp.com\/bikerstammtisch-kiebitzreihe.de\/wp-content\/uploads\/2017\/06\/Elmshorner-Nachrichten-07.04.2016.jpeg?zoom=3&amp;resize=150%2C150&amp;ssl=1 450w\" sizes=\"auto, (max-width: 150px) 100vw, 150px\" \/><\/a><p id=\"caption-attachment-171\" class=\"wp-caption-text\">Elmshorner Nachrichten Vorbericht Motorradgottesdienst<\/p><\/div><\/td>\n<\/tr>\n<tr class=\"row-10\">\n\t<td class=\"column-1\"><\/td><td class=\"column-2\"><a href=\"\/media\/pdf\/ElmshornerStadtmagazin.pdf\" target=\"_blank\">Elmshorner Stadtmagazin 1. Mai Vorbericht MoGo<\/a><\/td>\n<\/tr>\n<tr class=\"row-11\">\n\t<td class=\"column-1\"><\/td><td class=\"column-2\"><a href=\"\/media\/pdf\/MoinHolstein.pdf\" target=\"_blank\">Vorbericht MoGo in \"Moin Holstein\" Mai 2016<\/a><\/td>\n<\/tr>\n<tr class=\"row-12\">\n\t<td class=\"column-1\"><\/td><td class=\"column-2\"><a href=\"\/media\/pdf\/MoinHolstein.pdf\" target=\"_blank\"> Vorbericht MoGo in \"Hallo Steinburg\" 4.5.16<\/a><\/td>\n<\/tr>\n<tr class=\"row-13\">\n\t<td class=\"column-1\"><\/td><td class=\"column-2\"><a href=\"\/?attachment_id=170\" rel=\"attachment wp-att-170\"> Vorbericht in \"Burning Out\"  30.4.2016<\/a><\/td>\n<\/tr>\n<tr class=\"row-14\">\n\t<td class=\"column-1\"><\/td><td class=\"column-2\"><a href=\"\/?attachment_id=169\" rel=\"attachment wp-att-169\">Termin \u00a7 Events in \"Krad Blatt\"  29.4.2016<\/a><\/td>\n<\/tr>\n<tr class=\"row-15\">\n\t<td class=\"column-1\"><\/td><td class=\"column-2\"><a href=\"\/?attachment_id=168\" rel=\"attachment wp-att-168\">Ev.-Luth. Kirchenkreis Rantzau-M\u00fcnsterdorf Ank\u00fcndigung MoGo  April 2016<\/a><\/td>\n<\/tr>\n<tr class=\"row-16\">\n\t<td class=\"column-1\"><\/td><td class=\"column-2\"><div id=\"attachment_167\" style=\"width: 160px\" class=\"wp-caption aligncenter\"><a href=\"\/?attachment_id=167\" rel=\"attachment wp-att-167\"><img loading=\"lazy\" decoding=\"async\" aria-describedby=\"caption-attachment-167\" src=\"\/wp-content\/uploads\/2017\/06\/EN-23.05.2016-Hauptartikel-cut-150x150.jpg\" alt=\"\" width=\"150\" height=\"150\" class=\"size-thumbnail wp-image-167\" srcset=\"https:\/\/i0.wp.com\/bikerstammtisch-kiebitzreihe.de\/wp-content\/uploads\/2017\/06\/EN-23.05.2016-Hauptartikel-cut.jpg?resize=150%2C150&amp;ssl=1 150w, https:\/\/i0.wp.com\/bikerstammtisch-kiebitzreihe.de\/wp-content\/uploads\/2017\/06\/EN-23.05.2016-Hauptartikel-cut.jpg?resize=100%2C100&amp;ssl=1 100w, https:\/\/i0.wp.com\/bikerstammtisch-kiebitzreihe.de\/wp-content\/uploads\/2017\/06\/EN-23.05.2016-Hauptartikel-cut.jpg?zoom=2&amp;resize=150%2C150&amp;ssl=1 300w, https:\/\/i0.wp.com\/bikerstammtisch-kiebitzreihe.de\/wp-content\/uploads\/2017\/06\/EN-23.05.2016-Hauptartikel-cut.jpg?zoom=3&amp;resize=150%2C150&amp;ssl=1 450w\" sizes=\"auto, (max-width: 150px) 100vw, 150px\" \/><\/a><p id=\"caption-attachment-167\" class=\"wp-caption-text\">EN 23.5.2016 Hauptartikel<\/p><\/div><\/td>\n<\/tr>\n<tr class=\"row-17\">\n\t<td class=\"column-1\"><\/td><td class=\"column-2\"><div id=\"attachment_166\" style=\"width: 160px\" class=\"wp-caption aligncenter\"><a href=\"\/?attachment_id=166\" rel=\"attachment wp-att-166\"><img loading=\"lazy\" decoding=\"async\" aria-describedby=\"caption-attachment-166\" src=\"\/wp-content\/uploads\/2017\/06\/EN-23.05.2016-Titelseite-cut-150x150.jpg\" alt=\"\" width=\"150\" height=\"150\" class=\"size-thumbnail wp-image-166\" srcset=\"https:\/\/i0.wp.com\/bikerstammtisch-kiebitzreihe.de\/wp-content\/uploads\/2017\/06\/EN-23.05.2016-Titelseite-cut.jpg?resize=150%2C150&amp;ssl=1 150w, https:\/\/i0.wp.com\/bikerstammtisch-kiebitzreihe.de\/wp-content\/uploads\/2017\/06\/EN-23.05.2016-Titelseite-cut.jpg?resize=100%2C100&amp;ssl=1 100w, https:\/\/i0.wp.com\/bikerstammtisch-kiebitzreihe.de\/wp-content\/uploads\/2017\/06\/EN-23.05.2016-Titelseite-cut.jpg?zoom=2&amp;resize=150%2C150&amp;ssl=1 300w, https:\/\/i0.wp.com\/bikerstammtisch-kiebitzreihe.de\/wp-content\/uploads\/2017\/06\/EN-23.05.2016-Titelseite-cut.jpg?zoom=3&amp;resize=150%2C150&amp;ssl=1 450w\" sizes=\"auto, (max-width: 150px) 100vw, 150px\" \/><\/a><p id=\"caption-attachment-166\" class=\"wp-caption-text\">EN 23.5.2016 Titelseite<\/p><\/div><\/td>\n<\/tr>\n<tr class=\"row-18\">\n\t<td class=\"column-1\"><\/td><td class=\"column-2\"><div id=\"attachment_165\" style=\"width: 160px\" class=\"wp-caption aligncenter\"><a href=\"\/?attachment_id=165\" rel=\"attachment wp-att-165\"><img loading=\"lazy\" decoding=\"async\" aria-describedby=\"caption-attachment-165\" src=\"\/wp-content\/uploads\/2017\/06\/Holst-am-Wochenende-150x150.jpg\" alt=\"\" width=\"150\" height=\"150\" class=\"size-thumbnail wp-image-165\" srcset=\"https:\/\/i0.wp.com\/bikerstammtisch-kiebitzreihe.de\/wp-content\/uploads\/2017\/06\/Holst-am-Wochenende.jpg?resize=150%2C150&amp;ssl=1 150w, https:\/\/i0.wp.com\/bikerstammtisch-kiebitzreihe.de\/wp-content\/uploads\/2017\/06\/Holst-am-Wochenende.jpg?resize=100%2C100&amp;ssl=1 100w, https:\/\/i0.wp.com\/bikerstammtisch-kiebitzreihe.de\/wp-content\/uploads\/2017\/06\/Holst-am-Wochenende.jpg?zoom=2&amp;resize=150%2C150&amp;ssl=1 300w, https:\/\/i0.wp.com\/bikerstammtisch-kiebitzreihe.de\/wp-content\/uploads\/2017\/06\/Holst-am-Wochenende.jpg?zoom=3&amp;resize=150%2C150&amp;ssl=1 450w\" sizes=\"auto, (max-width: 150px) 100vw, 150px\" \/><\/a><p id=\"caption-attachment-165\" class=\"wp-caption-text\">Holsteiner am Wochenende Mai 2016<\/p><\/div><\/td>\n<\/tr>\n<tr class=\"row-19\">\n\t<td class=\"column-1\"><\/td><td class=\"column-2\"><div id=\"attachment_164\" style=\"width: 160px\" class=\"wp-caption aligncenter\"><a href=\"\/?attachment_id=164\" rel=\"attachment wp-att-164\"><img loading=\"lazy\" decoding=\"async\" aria-describedby=\"caption-attachment-164\" src=\"\/wp-content\/uploads\/2017\/06\/Moin-Holstein-150x150.jpg\" alt=\"\" width=\"150\" height=\"150\" class=\"size-thumbnail wp-image-164\" srcset=\"https:\/\/i0.wp.com\/bikerstammtisch-kiebitzreihe.de\/wp-content\/uploads\/2017\/06\/Moin-Holstein.jpg?resize=150%2C150&amp;ssl=1 150w, https:\/\/i0.wp.com\/bikerstammtisch-kiebitzreihe.de\/wp-content\/uploads\/2017\/06\/Moin-Holstein.jpg?resize=100%2C100&amp;ssl=1 100w, https:\/\/i0.wp.com\/bikerstammtisch-kiebitzreihe.de\/wp-content\/uploads\/2017\/06\/Moin-Holstein.jpg?zoom=2&amp;resize=150%2C150&amp;ssl=1 300w, https:\/\/i0.wp.com\/bikerstammtisch-kiebitzreihe.de\/wp-content\/uploads\/2017\/06\/Moin-Holstein.jpg?zoom=3&amp;resize=150%2C150&amp;ssl=1 450w\" sizes=\"auto, (max-width: 150px) 100vw, 150px\" \/><\/a><p id=\"caption-attachment-164\" class=\"wp-caption-text\">Moin Holstein Mai 2016<\/p><\/div><\/td>\n<\/tr>\n<\/tbody>\n<\/table>\n\n","protected":false},"excerpt":{"rendered":"<p>Hier sammeln wir undsere Artikel aus den Medien.<\/p>\n","protected":false},"author":1,"featured_media":0,"parent":143,"menu_order":0,"comment_status":"open","ping_status":"closed","template":"","meta":{"ngg_post_thumbnail":0,"jetpack_post_was_ever_published":false,"footnotes":""},"categories":[],"tags":[],"class_list":["post-146","page","type-page","status-publish","hentry"],"aioseo_notices":[],"jetpack_shortlink":"https:\/\/wp.me\/P8QhLS-2m","jetpack-related-posts":[{"id":4308,"url":"https:\/\/bikerstammtisch-kiebitzreihe.de\/?page_id=4308","url_meta":{"origin":146,"position":0},"title":"Pressemitteilungen","author":"Helge","date":"26. April 2019","format":false,"excerpt":"Hier sammeln wir unsere Artikel aus den Medien.","rel":"","context":"In &quot;MoGo 2019&quot;","block_context":{"text":"MoGo 2019","link":"https:\/\/bikerstammtisch-kiebitzreihe.de\/?cat=327"},"img":{"alt_text":"","src":"","width":0,"height":0},"classes":[]},{"id":143,"url":"https:\/\/bikerstammtisch-kiebitzreihe.de\/?page_id=143","url_meta":{"origin":146,"position":1},"title":"Medien","author":"Helge","date":"14. Juni 2017","format":false,"excerpt":"Hier sammeln wir, Zeitungsartikel und Bilder von Veranstaltungen.","rel":"","context":"\u00c4hnlicher Beitrag","block_context":{"text":"\u00c4hnlicher Beitrag","link":""},"img":{"alt_text":"","src":"","width":0,"height":0},"classes":[]},{"id":2014,"url":"https:\/\/bikerstammtisch-kiebitzreihe.de\/?page_id=2014","url_meta":{"origin":146,"position":2},"title":"Bilder von Ausfahrten 2017","author":"Helge","date":"3. Juli 2017","format":false,"excerpt":"Ausfahrt 30.07.2017 Weserberglandtour 2017 Tourbericht Fr. 7.7.2017\u00a0Tourbericht Sa. 8.7.2017 Tour 2.07.17\u00a0- Bericht \u00a0","rel":"","context":"\u00c4hnlicher Beitrag","block_context":{"text":"\u00c4hnlicher Beitrag","link":""},"img":{"alt_text":"","src":"","width":0,"height":0},"classes":[]},{"id":3184,"url":"https:\/\/bikerstammtisch-kiebitzreihe.de\/?page_id=3184","url_meta":{"origin":146,"position":3},"title":"Gru\u00dfwort","author":"Helge","date":"12. Februar 2018","format":false,"excerpt":"Hier kannst du den Flyer herunterladen:\u00a0Flyer MoGo 2016 Gru\u00dfwort und Konzeptionelle \u00dcberlegungen im Hinblick auf die Durchf\u00fchrung des 3. Motorradgottesdienstes Kiebitzreihe am 22. Mai 2016 \u00a0 R\u00fcckblick Der Evangelisch-Lutherischen Kirche zugewandte Motorradfahrer aus Kiebitzreihe (Kreis Steinburg\/SH) um Initiator Gunter Martens und der damalige Pastor Dr. Zerrath haben 2013 einen ersten\u2026","rel":"","context":"In &quot;MoGo 2016&quot;","block_context":{"text":"MoGo 2016","link":"https:\/\/bikerstammtisch-kiebitzreihe.de\/?cat=82"},"img":{"alt_text":"","src":"","width":0,"height":0},"classes":[]},{"id":281,"url":"https:\/\/bikerstammtisch-kiebitzreihe.de\/?page_id=281","url_meta":{"origin":146,"position":4},"title":"Datenschutzerkl\u00e4rung","author":"Helge","date":"15. Juni 2017","format":false,"excerpt":"Datenschutzerkl\u00e4rung \u00a0 Diese Datenschutzerkl\u00e4rung kl\u00e4rt Sie \u00fcber die Art, den Umfang und Zweck der Verarbeitung von personenbezogenen Daten (nachfolgend kurz \u201eDaten\u201c) innerhalb unseres Onlineangebotes und der mit ihm verbundenen Webseiten, Funktionen und Inhalte sowie externen Onlinepr\u00e4senzen, wie z.B. unser Social Media Profile auf (nachfolgend gemeinsam bezeichnet als \u201eOnlineangebot\u201c). Im Hinblick\u2026","rel":"","context":"\u00c4hnlicher Beitrag","block_context":{"text":"\u00c4hnlicher Beitrag","link":""},"img":{"alt_text":"","src":"","width":0,"height":0},"classes":[]},{"id":2233,"url":"https:\/\/bikerstammtisch-kiebitzreihe.de\/?page_id=2233","url_meta":{"origin":146,"position":5},"title":"\u00dcber uns","author":"Helge","date":"12. Juli 2017","format":false,"excerpt":"Wie Ihr der Chronik entnehmen k\u00f6nnt, ist die Idee vom Bikerstammtisch 2004 entstanden. Wir sind kein Verein, es gibt keinen Mitgliederbeitrag, keine Geb\u00fchren und auch keine Verpflichtungen. Ja, was gibt es denn dann \u00fcberhaupt? Die Mitglieder bestehen aus Bikerprofis, Gelegenheitsfahrern und nicht mehr aktiven Fahrern. Von 30 - 80 Jahre\u2026","rel":"","context":"Mit 3 Kommentaren","block_context":{"text":"Mit 3 Kommentaren","link":"https:\/\/bikerstammtisch-kiebitzreihe.de\/?page_id=2233#comments"},"img":{"alt_text":"","src":"","width":0,"height":0},"classes":[]}],"jetpack_likes_enabled":true,"jetpack_sharing_enabled":true,"_links":{"self":[{"href":"https:\/\/bikerstammtisch-kiebitzreihe.de\/index.php?rest_route=\/wp\/v2\/pages\/146","targetHints":{"allow":["GET"]}}],"collection":[{"href":"https:\/\/bikerstammtisch-kiebitzreihe.de\/index.php?rest_route=\/wp\/v2\/pages"}],"about":[{"href":"https:\/\/bikerstammtisch-kiebitzreihe.de\/index.php?rest_route=\/wp\/v2\/types\/page"}],"author":[{"embeddable":true,"href":"https:\/\/bikerstammtisch-kiebitzreihe.de\/index.php?rest_route=\/wp\/v2\/users\/1"}],"replies":[{"embeddable":true,"href":"https:\/\/bikerstammtisch-kiebitzreihe.de\/index.php?rest_route=%2Fwp%2Fv2%2Fcomments&post=146"}],"version-history":[{"count":2,"href":"https:\/\/bikerstammtisch-kiebitzreihe.de\/index.php?rest_route=\/wp\/v2\/pages\/146\/revisions"}],"predecessor-version":[{"id":151,"href":"https:\/\/bikerstammtisch-kiebitzreihe.de\/index.php?rest_route=\/wp\/v2\/pages\/146\/revisions\/151"}],"up":[{"embeddable":true,"href":"https:\/\/bikerstammtisch-kiebitzreihe.de\/index.php?rest_route=\/wp\/v2\/pages\/143"}],"wp:attachment":[{"href":"https:\/\/bikerstammtisch-kiebitzreihe.de\/index.php?rest_route=%2Fwp%2Fv2%2Fmedia&parent=146"}],"wp:term":[{"taxonomy":"category","embeddable":true,"href":"https:\/\/bikerstammtisch-kiebitzreihe.de\/index.php?rest_route=%2Fwp%2Fv2%2Fcategories&post=146"},{"taxonomy":"post_tag","embeddable":true,"href":"https:\/\/bikerstammtisch-kiebitzreihe.de\/index.php?rest_route=%2Fwp%2Fv2%2Ftags&post=146"}],"curies":[{"name":"wp","href":"https:\/\/api.w.org\/{rel}","templated":true}]}}