{"id":21,"date":"2017-06-13T22:22:49","date_gmt":"2017-06-13T20:22:49","guid":{"rendered":"http:\/\/bikerstammtisch\/?page_id=21"},"modified":"2025-04-01T09:41:12","modified_gmt":"2025-04-01T07:41:12","slug":"termine2","status":"publish","type":"page","link":"https:\/\/bikerstammtisch-kiebitzreihe.de\/?page_id=21","title":{"rendered":"Termine"},"content":{"rendered":"<p>Alle Termine als PDF\/ICS zum Ausdrucken: <a href=\"\/?page_id=2589\">im Downloadbereich<\/a><\/p>\n<p>ACHTUNG!<\/p>\n<p>Die Termine sind auch unter <a href=\"http:\/\/bikerstammtisch-kiebitzreihe.de\/?page_id=3911\" target=\"_blank\" rel=\"noopener\">Termine<\/a>&nbsp;zu finden.<\/p>\n<hr>\n<p>&nbsp;<\/p>\n<p>&nbsp;<\/p>\n","protected":false},"excerpt":{"rendered":"<p>Alle Termine als PDF\/ICS zum Ausdrucken: im Downloadbereich ACHTUNG! Die Termine sind auch unter Termine&nbsp;zu finden. &nbsp; &nbsp;<\/p>\n","protected":false},"author":1,"featured_media":0,"parent":0,"menu_order":0,"comment_status":"closed","ping_status":"closed","template":"","meta":{"ngg_post_thumbnail":0,"jetpack_post_was_ever_published":false,"footnotes":""},"categories":[],"tags":[],"class_list":["post-21","page","type-page","status-publish","hentry"],"aioseo_notices":[],"jetpack_shortlink":"https:\/\/wp.me\/P8QhLS-l","jetpack-related-posts":[{"id":3911,"url":"https:\/\/bikerstammtisch-kiebitzreihe.de\/?page_id=3911","url_meta":{"origin":21,"position":0},"title":"Termine","author":"Helge","date":"23. Oktober 2018","format":false,"excerpt":"Da das Plugin f\u00fcr Termine nicht mehr weiterentwickelt wurde, k\u00f6nnen derzeitig keine Termine angelegt\/dargestellt werden. Bitte schaut im Downloadbereich nach dem PDF mit den Terminen. (ist aktuell noch nicht fertig) F\u00fcr diejenigen, welche Termine gerne elektronisch verarbeiten, ist hier eine ICS Datei zum Importieren. BSKR2025Herunterladen","rel":"","context":"\u00c4hnlicher Beitrag","block_context":{"text":"\u00c4hnlicher Beitrag","link":""},"img":{"alt_text":"","src":"","width":0,"height":0},"classes":[]},{"id":823,"url":"https:\/\/bikerstammtisch-kiebitzreihe.de\/?page_id=823","url_meta":{"origin":21,"position":1},"title":"Zeitraum Ausfahrt 2018","author":"Helge","date":"28. Juni 2017","format":false,"excerpt":"Liebe Biker, f\u00fcr die Harz-Tour 2018 stehen nun zwei Termine zur Auswahl. Wenn ihr Interesse habt an dieser Tour teilzunehmen, dann k\u00f6nnt ihr hier \u00fcber den Zeitraum abstimmen. Das Ziel steht fest --> Bikerwirt in Blankenburg UPDATE 16.11.17: Das Ziel hat sich ge\u00e4ndert, es ist jetzt das Hotel Niedersachsen. Alles\u2026","rel":"","context":"\u00c4hnlicher Beitrag","block_context":{"text":"\u00c4hnlicher Beitrag","link":""},"img":{"alt_text":"","src":"","width":0,"height":0},"classes":[]},{"id":281,"url":"https:\/\/bikerstammtisch-kiebitzreihe.de\/?page_id=281","url_meta":{"origin":21,"position":2},"title":"Datenschutzerkl\u00e4rung","author":"Helge","date":"15. Juni 2017","format":false,"excerpt":"Datenschutzerkl\u00e4rung \u00a0 Diese Datenschutzerkl\u00e4rung kl\u00e4rt Sie \u00fcber die Art, den Umfang und Zweck der Verarbeitung von personenbezogenen Daten (nachfolgend kurz \u201eDaten\u201c) innerhalb unseres Onlineangebotes und der mit ihm verbundenen Webseiten, Funktionen und Inhalte sowie externen Onlinepr\u00e4senzen, wie z.B. unser Social Media Profile auf (nachfolgend gemeinsam bezeichnet als \u201eOnlineangebot\u201c). Im Hinblick\u2026","rel":"","context":"\u00c4hnlicher Beitrag","block_context":{"text":"\u00c4hnlicher Beitrag","link":""},"img":{"alt_text":"","src":"","width":0,"height":0},"classes":[]},{"id":33,"url":"https:\/\/bikerstammtisch-kiebitzreihe.de\/?page_id=33","url_meta":{"origin":21,"position":3},"title":"Chronik","author":"Helge","date":"13. Juni 2017","format":false,"excerpt":"Chronik Bikerstammtisch Stand : 14.12.2007 18.12.04 Weihnachtsfeier RWK Oldies, erster Tresenschnack von einer Bikertour. \u00a0 13.08.05 Erste Bikertour mit 20 Maschinen durch Schleswig Holstein (Kiebitzreihe- Aukrug- Kiel- Eckernf\u00f6rde- Heide Zweiradmuseum- Albersdorf-Kiebitzreihe). Ankunft 17.15 Uhr Kiebitzreiher Stuben. Ab 18.30 Uhr wurde dank Charlys Hilfe gegrillt. Bei Discomusik feierten ca. 40 Biker\u2026","rel":"","context":"\u00c4hnlicher Beitrag","block_context":{"text":"\u00c4hnlicher Beitrag","link":""},"img":{"alt_text":"","src":"","width":0,"height":0},"classes":[]},{"id":2233,"url":"https:\/\/bikerstammtisch-kiebitzreihe.de\/?page_id=2233","url_meta":{"origin":21,"position":4},"title":"\u00dcber uns","author":"Helge","date":"12. Juli 2017","format":false,"excerpt":"Wie Ihr der Chronik entnehmen k\u00f6nnt, ist die Idee vom Bikerstammtisch 2004 entstanden. Wir sind kein Verein, es gibt keinen Mitgliederbeitrag, keine Geb\u00fchren und auch keine Verpflichtungen. Ja, was gibt es denn dann \u00fcberhaupt? Die Mitglieder bestehen aus Bikerprofis, Gelegenheitsfahrern und nicht mehr aktiven Fahrern. Von 30 - 80 Jahre\u2026","rel":"","context":"Mit 3 Kommentaren","block_context":{"text":"Mit 3 Kommentaren","link":"https:\/\/bikerstammtisch-kiebitzreihe.de\/?page_id=2233#comments"},"img":{"alt_text":"","src":"","width":0,"height":0},"classes":[]},{"id":452,"url":"https:\/\/bikerstammtisch-kiebitzreihe.de\/?page_id=452","url_meta":{"origin":21,"position":5},"title":"WhatsApp &#8211; Gruppen","author":"Helge","date":"25. Juni 2017","format":false,"excerpt":"Die Whatsappgruppe \"Bikerstammtisch\" ist euch ja vielleicht bekannt. Im laufe der Zeit, sind einige von euch in die Gruppe gegangen und auch wieder verschwunden. Vielen von euch waren es einfach zu viele Funposts, welche nichts mit dem Stammtisch oder gar mit Motorrad fahren zu tun haben. Vielleicht k\u00f6nnen wir das\u2026","rel":"","context":"\u00c4hnlicher Beitrag","block_context":{"text":"\u00c4hnlicher Beitrag","link":""},"img":{"alt_text":"","src":"","width":0,"height":0},"classes":[]}],"jetpack_likes_enabled":true,"jetpack_sharing_enabled":true,"_links":{"self":[{"href":"https:\/\/bikerstammtisch-kiebitzreihe.de\/index.php?rest_route=\/wp\/v2\/pages\/21","targetHints":{"allow":["GET"]}}],"collection":[{"href":"https:\/\/bikerstammtisch-kiebitzreihe.de\/index.php?rest_route=\/wp\/v2\/pages"}],"about":[{"href":"https:\/\/bikerstammtisch-kiebitzreihe.de\/index.php?rest_route=\/wp\/v2\/types\/page"}],"author":[{"embeddable":true,"href":"https:\/\/bikerstammtisch-kiebitzreihe.de\/index.php?rest_route=\/wp\/v2\/users\/1"}],"replies":[{"embeddable":true,"href":"https:\/\/bikerstammtisch-kiebitzreihe.de\/index.php?rest_route=%2Fwp%2Fv2%2Fcomments&post=21"}],"version-history":[{"count":13,"href":"https:\/\/bikerstammtisch-kiebitzreihe.de\/index.php?rest_route=\/wp\/v2\/pages\/21\/revisions"}],"predecessor-version":[{"id":13227,"href":"https:\/\/bikerstammtisch-kiebitzreihe.de\/index.php?rest_route=\/wp\/v2\/pages\/21\/revisions\/13227"}],"wp:attachment":[{"href":"https:\/\/bikerstammtisch-kiebitzreihe.de\/index.php?rest_route=%2Fwp%2Fv2%2Fmedia&parent=21"}],"wp:term":[{"taxonomy":"category","embeddable":true,"href":"https:\/\/bikerstammtisch-kiebitzreihe.de\/index.php?rest_route=%2Fwp%2Fv2%2Fcategories&post=21"},{"taxonomy":"post_tag","embeddable":true,"href":"https:\/\/bikerstammtisch-kiebitzreihe.de\/index.php?rest_route=%2Fwp%2Fv2%2Ftags&post=21"}],"curies":[{"name":"wp","href":"https:\/\/api.w.org\/{rel}","templated":true}]}}