{"id":3005,"date":"2017-11-12T21:18:57","date_gmt":"2017-11-12T20:18:57","guid":{"rendered":"http:\/\/bikerstammtisch-kiebitzreihe.de\/?page_id=3005"},"modified":"2017-11-12T21:18:57","modified_gmt":"2017-11-12T20:18:57","slug":"faq-fragen","status":"publish","type":"page","link":"https:\/\/bikerstammtisch-kiebitzreihe.de\/?page_id=3005","title":{"rendered":"FAQ &#8211; Fragen"},"content":{"rendered":"<div id=\"accordions-3004\" class=\"accordions-3004 accordions\" data-accordions={&quot;lazyLoad&quot;:false,&quot;id&quot;:&quot;3004&quot;,&quot;event&quot;:&quot;click&quot;,&quot;collapsible&quot;:&quot;true&quot;,&quot;heightStyle&quot;:&quot;content&quot;,&quot;animateStyle&quot;:&quot;swing&quot;,&quot;animateDelay&quot;:1000,&quot;navigation&quot;:true,&quot;active&quot;:999,&quot;expandedOther&quot;:&quot;no&quot;}>\r\n                <div class=\"items\" >\r\n    \r\n            <div post_id=\"3004\" itemcount=\"0\"  header_id=\"header-0\" id=\"header-0\" style=\"\" class=\"accordions-head head0 border-none\" toggle-text=\"\" main-text=\"Warum muss ich ein Extrapasswort f\u00fcr einige Bereiche eingeben?\">\r\n                                    <span id=\"accordion-icons-0\" class=\"accordion-icons\">\r\n                        <span class=\"accordion-icon-active accordion-plus\"><i class=\"fa fa-chevron-up\"><\/i><\/span>\r\n                        <span class=\"accordion-icon-inactive accordion-minus\"><i class=\"fa fa-chevron-down\"><\/i><\/span>\r\n                    <\/span>\r\n                    <span id=\"header-text-0\" class=\"accordions-head-title\">Warum muss ich ein Extrapasswort f\u00fcr einige Bereiche eingeben?<\/span>\r\n                            <\/div>\r\n            <div class=\"accordion-content content0 \">\r\n                <p>Um zum Beispiel an die Mitgliederliste zu gelangen, reichte fr\u00fcher eine einfache Anmeldung bzw. Registrierung an unserer Seite.<\/p>\n<p>Bei einer Registrierung ist keine Best\u00e4tigung des Admins notwendig. Das bedeutet jeder kann sich ganz schnell registrieren und dann anmelden.<\/p>\n<p>JEDER! Und das haben gerade in der Anfangszeit viele E-Mailadressen mit der Endung \"ru\" gemacht. Das sind zwar alles automatisierte Anmeldungen, um Beitr\u00e4ge zu kommentieren, aber ohne das Extrapasswort ist die Mitgliederliste und der Kassenbericht nicht gesch\u00fctzt.<\/p>\n<p>Daher habe ich beschlossen, diese Daten extra mit einem PW abzusichern.<\/p>\n<p>Die Anmeldungen auf \"RU\", also Russland sind jetzt nicht mehr so einfach m\u00f6glich, daher auch keine Beitr\u00e4ge mehr zu dubiosen Seiten und jugendgef\u00e4hrdenden Seiten.<\/p>\n            <\/div>\r\n    \r\n            <div post_id=\"3004\" itemcount=\"1\"  header_id=\"header-1510516778320\" id=\"header-1510516778320\" style=\"\" class=\"accordions-head head1510516778320 border-none\" toggle-text=\"\" main-text=\"Warum werden mit dem Internet Explorer GPX Dateien falsch heruntergeladen?\">\r\n                                    <span id=\"accordion-icons-1510516778320\" class=\"accordion-icons\">\r\n                        <span class=\"accordion-icon-active accordion-plus\"><i class=\"fa fa-chevron-up\"><\/i><\/span>\r\n                        <span class=\"accordion-icon-inactive accordion-minus\"><i class=\"fa fa-chevron-down\"><\/i><\/span>\r\n                    <\/span>\r\n                    <span id=\"header-text-1510516778320\" class=\"accordions-head-title\">Warum werden mit dem Internet Explorer GPX Dateien falsch heruntergeladen?<\/span>\r\n                            <\/div>\r\n            <div class=\"accordion-content content1510516778320 \">\r\n                <p>Der Internetexplorer erkennt innerhalb der Datei XML Daten und stellt die Datei nun als solches dar.<\/p>\n<p>Speichert die Datei mit einem Rechtsklick in einem Verzeichnis und \u00e4ndert die Dateiendung vor dem Download oder danach in *.gpx.<\/p>\n<p>Danach sollte sich die Datei in dem von euch gew\u00fcnschtem Programm \u00f6ffnen lassen.<\/p>\n            <\/div>\r\n    <\/div>\r\n\r\n\r\n\r\n            <\/div>\n","protected":false},"excerpt":{"rendered":"","protected":false},"author":1,"featured_media":0,"parent":0,"menu_order":0,"comment_status":"closed","ping_status":"closed","template":"","meta":{"ngg_post_thumbnail":0,"jetpack_post_was_ever_published":false,"footnotes":""},"categories":[5],"tags":[75,76,77],"class_list":["post-3005","page","type-page","status-publish","hentry","category-intressantes","tag-faq","tag-fragen","tag-how-to"],"aioseo_notices":[],"jetpack_shortlink":"https:\/\/wp.me\/P8QhLS-Mt","jetpack-related-posts":[{"id":2014,"url":"https:\/\/bikerstammtisch-kiebitzreihe.de\/?page_id=2014","url_meta":{"origin":3005,"position":0},"title":"Bilder von Ausfahrten 2017","author":"Helge","date":"3. Juli 2017","format":false,"excerpt":"Ausfahrt 30.07.2017 Weserberglandtour 2017 Tourbericht Fr. 7.7.2017\u00a0Tourbericht Sa. 8.7.2017 Tour 2.07.17\u00a0- Bericht \u00a0","rel":"","context":"\u00c4hnlicher Beitrag","block_context":{"text":"\u00c4hnlicher Beitrag","link":""},"img":{"alt_text":"","src":"","width":0,"height":0},"classes":[]},{"id":2864,"url":"https:\/\/bikerstammtisch-kiebitzreihe.de\/?page_id=2864","url_meta":{"origin":3005,"position":1},"title":"Harzbuchungen","author":"Helge","date":"9. Oktober 2017","format":false,"excerpt":"[eme_bookings id=58 template_id=15]","rel":"","context":"In &quot;Ausfahrten&quot;","block_context":{"text":"Ausfahrten","link":"https:\/\/bikerstammtisch-kiebitzreihe.de\/?cat=21"},"img":{"alt_text":"","src":"","width":0,"height":0},"classes":[]},{"id":3902,"url":"https:\/\/bikerstammtisch-kiebitzreihe.de\/?page_id=3902","url_meta":{"origin":3005,"position":2},"title":"Sauerlandbuchungen","author":"Helge","date":"9. Dezember 2018","format":false,"excerpt":"[eme_bookings id=85 template_id=15]","rel":"","context":"In &quot;Ausfahrten&quot;","block_context":{"text":"Ausfahrten","link":"https:\/\/bikerstammtisch-kiebitzreihe.de\/?cat=21"},"img":{"alt_text":"","src":"","width":0,"height":0},"classes":[]},{"id":2773,"url":"https:\/\/bikerstammtisch-kiebitzreihe.de\/?page_id=2773","url_meta":{"origin":3005,"position":3},"title":"Gr\u00fcnkohlessen","author":"Helge","date":"6. Oktober 2017","format":false,"excerpt":"Hier k\u00f6nnt Ihr sehen, wer sich f\u00fcr das Gr\u00fcnkohlessen\u00a0 angemeldet hat. Am 18.11. wird diese Liste als feste Zusage angesehen. [eme_bookings id=29 template_id=8 template_id_header=9 template_id_footer=10]","rel":"","context":"In &quot;Veranstaltung&quot;","block_context":{"text":"Veranstaltung","link":"https:\/\/bikerstammtisch-kiebitzreihe.de\/?cat=61"},"img":{"alt_text":"","src":"","width":0,"height":0},"classes":[]},{"id":93,"url":"https:\/\/bikerstammtisch-kiebitzreihe.de\/?page_id=93","url_meta":{"origin":3005,"position":4},"title":"Kontakt","author":"Helge","date":"14. Juni 2017","format":false,"excerpt":"Auf dieser Seite k\u00f6nnen Sie mit uns in Kontakt treten. Bitte senden Sie die Nachricht nur ab, wenn sie keine Werbung enth\u00e4lt und keine SEO Ma\u00dfnahmen und dergleichen enth\u00e4llt. K\u00fcnstliche Intelligenz ist uns auch v\u00f6llig schnuppe! Einfach keine Werbung schicken, DANKE!!! \u00a0","rel":"","context":"\u00c4hnlicher Beitrag","block_context":{"text":"\u00c4hnlicher Beitrag","link":""},"img":{"alt_text":"","src":"","width":0,"height":0},"classes":[]},{"id":3046,"url":"https:\/\/bikerstammtisch-kiebitzreihe.de\/?page_id=3046","url_meta":{"origin":3005,"position":5},"title":"Graue Erbsen essen","author":"Helge","date":"6. Dezember 2017","format":false,"excerpt":"Hier k\u00f6nnt Ihr sehen, wer sich f\u00fcr das Gr\u00fcnkohlessen\u00a0 angemeldet hat. Am 10.02.2018 bekommt Nicole die Liste, die Leute die draufstehen, sind damit verbindlich gemeldet. Der Preis f\u00fcr das Essen betr\u00e4gt wahrscheinlich 15,50\u20ac (muss noch nachgefragt werden). [eme_bookings id=79 template_id=8 template_id_header=9 template_id_footer=10]","rel":"","context":"In &quot;Veranstaltung&quot;","block_context":{"text":"Veranstaltung","link":"https:\/\/bikerstammtisch-kiebitzreihe.de\/?cat=61"},"img":{"alt_text":"","src":"","width":0,"height":0},"classes":[]}],"jetpack_likes_enabled":true,"jetpack_sharing_enabled":true,"_links":{"self":[{"href":"https:\/\/bikerstammtisch-kiebitzreihe.de\/index.php?rest_route=\/wp\/v2\/pages\/3005","targetHints":{"allow":["GET"]}}],"collection":[{"href":"https:\/\/bikerstammtisch-kiebitzreihe.de\/index.php?rest_route=\/wp\/v2\/pages"}],"about":[{"href":"https:\/\/bikerstammtisch-kiebitzreihe.de\/index.php?rest_route=\/wp\/v2\/types\/page"}],"author":[{"embeddable":true,"href":"https:\/\/bikerstammtisch-kiebitzreihe.de\/index.php?rest_route=\/wp\/v2\/users\/1"}],"replies":[{"embeddable":true,"href":"https:\/\/bikerstammtisch-kiebitzreihe.de\/index.php?rest_route=%2Fwp%2Fv2%2Fcomments&post=3005"}],"version-history":[{"count":1,"href":"https:\/\/bikerstammtisch-kiebitzreihe.de\/index.php?rest_route=\/wp\/v2\/pages\/3005\/revisions"}],"predecessor-version":[{"id":3006,"href":"https:\/\/bikerstammtisch-kiebitzreihe.de\/index.php?rest_route=\/wp\/v2\/pages\/3005\/revisions\/3006"}],"wp:attachment":[{"href":"https:\/\/bikerstammtisch-kiebitzreihe.de\/index.php?rest_route=%2Fwp%2Fv2%2Fmedia&parent=3005"}],"wp:term":[{"taxonomy":"category","embeddable":true,"href":"https:\/\/bikerstammtisch-kiebitzreihe.de\/index.php?rest_route=%2Fwp%2Fv2%2Fcategories&post=3005"},{"taxonomy":"post_tag","embeddable":true,"href":"https:\/\/bikerstammtisch-kiebitzreihe.de\/index.php?rest_route=%2Fwp%2Fv2%2Ftags&post=3005"}],"curies":[{"name":"wp","href":"https:\/\/api.w.org\/{rel}","templated":true}]}}