{"id":33,"date":"2017-06-13T22:49:41","date_gmt":"2017-06-13T20:49:41","guid":{"rendered":"http:\/\/bikerstammtisch\/?page_id=33"},"modified":"2017-06-13T22:51:05","modified_gmt":"2017-06-13T20:51:05","slug":"chronik-neu","status":"publish","type":"page","link":"https:\/\/bikerstammtisch-kiebitzreihe.de\/?page_id=33","title":{"rendered":"Chronik"},"content":{"rendered":"<p><strong>      <\/strong><strong>      <\/strong><strong> <\/strong><strong><u>Chronik Bikerstammtisch<\/u><\/strong><\/p>\n<p>Stand :  14.12.2007<\/p>\n<p><strong>18.12.04<\/strong> Weihnachtsfeier  RWK Oldies, erster Tresenschnack von einer Bikertour.<\/p>\n<p>&nbsp;<\/p>\n<p><strong>13.08.05<\/strong> Erste Bikertour mit 20 Maschinen durch Schleswig Holstein (Kiebitzreihe- Aukrug- Kiel- Eckernf\u00f6rde- Heide Zweiradmuseum- Albersdorf-Kiebitzreihe). Ankunft 17.15 Uhr Kiebitzreiher Stuben. Ab 18.30 Uhr wurde  dank Charlys Hilfe gegrillt. Bei Discomusik feierten ca. 40 Biker bis tief in die Nacht. In guter Tanz- und Bierlaune wurde entschieden: ein Bikerstammtisch muss her!!<\/p>\n<p>&nbsp;<\/p>\n<p><strong>15.09.05<\/strong>  1. Treffen zum Bikerstammtisch. 13 Personen erschienen. Man sp\u00fcrte schon eine Begeisterung.<\/p>\n<p>&nbsp;<\/p>\n<p><strong>10.11.05 <\/strong> zum 2. Treffen  kamen schon \u00fcber 20 Personen. Super Stimmung und es wurde beschlossen, dass wir beim Graue- Erbsenessen am 28.02.06 teilnehmen.<\/p>\n<p>&nbsp;<\/p>\n<p><strong>09.01.06<\/strong>  3. Treffen  Wow!!!  Eine Wahnsinnsbeteiligung mit 33 Leuten! Zum Graue- Erbsenessen haben sich 55 Personen angemeldet. Weitere Vorschl\u00e4ge und Anregungen: freiwilliges Treffen an jedem 2. Sonntag ab April 2006; gro\u00dfe Motorradtour am 01.07.06 (Veranstalter: Peter Frisch, G\u00fcnter L\u00f6\u00f6ck und Helmut H\u00e4gemann); geplante Bikerausfahrt vom 31.08. \u2013 03.09.06 zum Bikerhotel \u201eDas Gutshaus\u201c; Planung einer diesj\u00e4hrigen Silvesterfeier in den Kiebitzreiher Stuben bei Eva.<\/p>\n<p>&nbsp;<\/p>\n<p><strong>28.02.06<\/strong> Graue Erbsenessen in den Kiebitzreiher Stuben. 52 Personen nahmen teil. Eine super Quote! Alle waren vom Essen begeistert und die  Stimmung war sehr gut. Als \u00dcberraschung habe ich bei Nordsport je ein schwarzes Sweat- und T-Shirt mit dem Schriftzug Bikerstammtisch und Namen (in diesem Fall J\u00fcrgen) in goldener Schrift bedrucken lassen und vorgestellt. Kam gut an und ich konnte viele Bestellungen entgegen nehmen. Zur geplanten Bikerausfahrt am 31.08- 03.09.06 haben sich 25 Personen angemeldet. Der Preis betr\u00e4gt 113.00 \u20ac pro Person.<\/p>\n<p>&nbsp;<\/p>\n<p><strong>06.04.06<\/strong> 4.Treffen zum Bikerstammtisch. Es kamen \u00fcber 20 Bikerfreunde. Die Stimmung war wieder sehr gut. Ich habe das Geld f\u00fcr die Bikertour zum Gutshaus kassiert. In den n\u00e4chsten Tagen muss ich einen Vorschuss von 1309 \u20ac leisten. Der Zulauf zu unserem Bikerstammtisch ist schon richtig unheimlich. Wir sind schon 46 Biker und man h\u00f6rt, dass noch mehr Biker Interesse haben bei uns mitzumachen. Es wurde beschlossen  den Bikerstammtisch alle 5 Wochen und schon um 19.00 Uhr stattfinden zu lassen.<\/p>\n<p>&nbsp;<\/p>\n<p><strong>23.04.06<\/strong> Beginn der Bikersaison. 15 Biker zum Teil mit Frauen haben sich um 10.00 Uhr an der Mehrzweckhalle getroffen. Die Fahrt ging erst mal nach Friedrichskoog an die Nordsee. Nach einer Pause war das n\u00e4chste Ziel B\u00fcsum. Vom Wetter her h\u00e4tte es etwas w\u00e4rmer sein k\u00f6nnen. Aber es war trocken.<\/p>\n<p>&nbsp;<\/p>\n<p><strong>07.05.06<\/strong> Ausfahrt 10.00 Uhr Mehrzweckhalle.<\/p>\n<p>Mit 10 Bikern ging es mit der Elbf\u00e4hre ins Alte Land nach L\u00fche.<\/p>\n<p>&nbsp;<\/p>\n<p><strong>11.05.06<\/strong> Bikerstammtisch 19.00 Uhr Kiebitzreiher Stuben<\/p>\n<p>Die Umstellung von 20.00 Uhr auf 19.00 Uhr hat fast geklappt. Nur einige kamen wie \u00fcblich um 20.00 Uhr. 25 Biker waren anwesend.<\/p>\n<p>&nbsp;<\/p>\n<p><strong>21.05.06<\/strong> Ausfahrt 10.00 Uhr Mehrzweckhalle.<\/p>\n<p>An diesem Sonntag fiel die Bikertour wegen Regen aus.<\/p>\n<p>&nbsp;<\/p>\n<p><strong>04.06.06<\/strong> Ausfahrt 10.00 Uhr Mehrzweckhalle.<\/p>\n<p>Leider wei\u00df keiner mehr wo die Fahrt hinging.<\/p>\n<p>&nbsp;<\/p>\n<p>&nbsp;<\/p>\n<p>&nbsp;<\/p>\n<p><strong>15.06.06<\/strong> Bikerstammtisch 19.00 Uhr Kiebitzreiher Stuben<\/p>\n<p>Waren wieder \u00fcber 30 Biker. Beginn der Planung f\u00fcr die Ausfahrt und Feier am 01.07.06.<\/p>\n<p>&nbsp;<\/p>\n<p><strong>18.06.06<\/strong> Ausfahrt 10.00 Uhr Mehrzweckhalle.<\/p>\n<p>Mit 10 Bikern ging die Fahrt nach Bad Oldeslohe-Zollenspiecker-Hoope- Hamburg<\/p>\n<p>&nbsp;<\/p>\n<p><strong>01.07.06<\/strong> F\u00fcr mich als \u201e Pr\u00e4si\u201c ein Tag, an dem ich ein wenig nerv\u00f6s war. Am Tag zuvor haben wir mit 5 Bikern (Heinrich M., Peter F., Dieter T., Wolfgang M., J\u00fcrgen B. ) 2 gro\u00dfe Zelte als Verl\u00e4ngerung der Kneipe \u201eKiebitzreiher Stuben\u201c aufgestellt. Zus\u00e4tzlich hat uns  die Firma Ger\u00fcstbau Falk  eine B\u00fchne gesponsert und aufgestellt. Am Samstagmorgen um 09.00 Uhr war Treffpunkt zu unserer gro\u00dfen Schleswig Holstein Tour. Die Beteiligung war riesig! Mit 36 Motorr\u00e4dern ging es von  Kiebitzreihe aus los. Es war schon ein tolles Feeling, als alle Maschinen gestartet wurden.  Die Fahrt ging \u00fcber Hohenweststedt nach Sehestedt zu einem Erdbeerhof, von dort in  Richtung Kappeln  und \u00fcber Schleswig nach Kiebitzreihe. Am Abend wurde gegrillt, die  dazu servierten Salate haben netterweise einige Bikerdamen gesponsert. Als Highlight gab Peter Kohls mit seiner Band \u201e Sound\u00b4n Fury ein tolles Konzert. F\u00fcr den Rest des Abends unterhielt uns Maik mit seiner Discomusik. Resultat: ein rundum gelungenes Fest!!<\/p>\n<p>&nbsp;<\/p>\n<p><strong>16.07.06<\/strong> Ausfahrt 10.00 Uhr Mehrzweckhalle.<\/p>\n<p>Mit 8 Bikern ging es durch die Haseldorfer Marsch und dann in Richtung Kollmar.<\/p>\n<p>&nbsp;<\/p>\n<p><strong>20.07.06<\/strong> Bikerstammtisch 19.00 Uhr Kiebitzreiher Stuben<\/p>\n<p>Aufgrund der Sommerferien war die Beteiligung mit nur 7 Bikern gering.<\/p>\n<p>&nbsp;<\/p>\n<p>&nbsp;<\/p>\n<p>&nbsp;<\/p>\n<p><strong>30.07.06<\/strong> Ausfahrt 10.00 Uhr Mehrzweckhalle<\/p>\n<p>Mit 11 Bikern fuhren wir nach T\u00f6nning ins Wattforum. Anschlie\u00dfend a\u00dfen wir in Friedrichstadt zu Mittag.<\/p>\n<p>&nbsp;<\/p>\n<p><strong>13.08.06<\/strong> Ausfahrt 10.00 Uhr Mehrzweckhalle.<\/p>\n<p>Mit 12 Bikern ging es Richtung Bad Oldeslohe. Von dort nach Ratzeburg und \u00fcber Bad Segeberg wieder nach Hause.<\/p>\n<p>&nbsp;<\/p>\n<p>&nbsp;<\/p>\n<p>&nbsp;<\/p>\n<p><strong>24.08.06<\/strong> Bikerstammtisch 19.00 Uhr Kiebitzreiher Stuben<\/p>\n<p>Waren wieder \u00fcber 30 Biker. Letzte Details unserer Ausfahrt zum Gutshaus besprochen.<\/p>\n<p>&nbsp;<\/p>\n<p><strong>27.08.06<\/strong> Ausfahrt 10.00 Uhr Mehrzweckhalle.<\/p>\n<p>Mit 8 Bikern ging es on Tour Richtung B\u00fcsum.<\/p>\n<p>&nbsp;<\/p>\n<p><strong>31.08-03.09.06<\/strong> Ausfahrt zum Gutshaus nach Meckpom.<\/p>\n<p>Donnerstagmorgen: Treffpunkt 9.00 Uhr an der Mehrzweckhalle. Los ging die Fahrt mit 12 Bikern und 9 Maschinen. 5 Biker wollten gegen Abend nachkommen. Dieter und Margot aus der Rh\u00f6n waren schon da und Wilhelm und Gaby konnten erst am Freitag dazu sto\u00dfen. Somit waren wir insgesamt 21 Biker.<\/p>\n<p>Kurz bevor wir das Hotel erreichten, hatte ich eine Glaubenskrise. Ich meinte, nach all den Plattenwegen g\u00e4be es bestimmt kein Hotel mehr auf unserem weiteren Weg und hielt an. Wolfgang erz\u00e4hlte mir dann aber grinsend, dass er das Bier schon riechen kann und wir auf dem richtigen Weg sind. Durstig erreichten wir gegen 16.00 Uhr tats\u00e4chlich das Gutshaus. Herzlich wurden wir von Nils und seiner Crew begr\u00fc\u00dft. Am ersten Abend adoptierten wir noch ein einsames Biker-P\u00e4rchen.  Rudi und Brigitte aus Bargteheide passten aber auch super zu uns und blieben bis zum Schluss an unserer Seite.<\/p>\n<p>Am Freitag war um 9.00 Uhr Fr\u00fchst\u00fcck angesagt und um 10.00 Uhr war Start unserer ersten Ausfahrt. Usedom hie\u00df unser Ziel. Auf der Insel besuchten wir ein DDR-Technikmuseum, weiter ging die Fahrt zum Polenmarkt. Von dort zur Einnahme eines Fischbr\u00f6tchens nach Koserow und weiter nach Peenem\u00fcnde. Nach kurzem Aufenthalt wieder zur\u00fcck zum Gutshaus.<\/p>\n<p>Fahrroute ca. 220 km.<\/p>\n<p>Am Samstag sollte R\u00fcgen unser Ziel sein. Mit der F\u00e4hre ging es auf die Insel. In Sellin gab es eine gr\u00f6\u00dfere Pause und nat\u00fcrlich Fischbr\u00f6tchen. Weiter ging die Fahrt Richtung Sa\u00dfnitz und dort gab es endlich wieder Fischbr\u00f6tchen. In Sa\u00dfnitz teilte sich unsere Gruppe dann. Einige wollten noch \u00fcber Kap Arkona fahren  (ca. 70 km Umweg), den anderen von uns langte es und wir fuhren auf direktem Weg wieder zum Gutshaus.<\/p>\n<p>Fahrroute ca. 230\/300 km.<\/p>\n<p>Unser Fazit des Wochenendes:<\/p>\n<p>Im Gutshaus gibt es eine tolle Bewirtung, super Essen und die Stimmung abends beim Feiern ist kaum zu toppen.<\/p>\n<p>&nbsp;<\/p>\n<p><strong>10.09.06<\/strong> Ausfahrt 10.00 Uhr Mehrzweckhalle<\/p>\n<p>Mit 14 Bikern  fuhren wir zum Campingplatz Paul Heide nach Klein Waabs. Erika und Peter hatten uns zum Grillen eingeladen. War super!<\/p>\n<p>&nbsp;<\/p>\n<p><strong>24.09.06<\/strong> Ausfahrt 10.00 Uhr Mehrzweckhalle.<\/p>\n<p>Mit 10 Bikern ging es \u00fcber Wischhafen nach Cuxhaven-L\u00fche-Hamburg.<\/p>\n<p>&nbsp;<\/p>\n<p><strong>28.09.06<\/strong> Bikerstammtisch 19.00 Uhr Kiebitzreiher Stuben<\/p>\n<p>Ca. 30 Biker waren anwesend. Es wurde viel \u00fcber die gelungene Ausfahrt zum Gutshaus gesprochen. Au\u00dferdem wurde beschlossen, obwohl wir am 02.10.06 Ausl\u00e4uten der Saison mit Gr\u00fcnkohlessen feiern,  bis Ende Oktober weiter 14-t\u00e4gig Motorrad zu fahren.<\/p>\n<p>&nbsp;<\/p>\n<p><strong>08.10.06<\/strong> Ausfahrt 10.00 Uhr Mehrzweckhalle<\/p>\n<p>Mit 5 Bikern ging die Fahrt nach Rendsburg (Ruderregatta) \u2013Hennstedt.<\/p>\n<p><strong>22.10.06<\/strong> Ausfahrt 10.00 Uhr Mehrzweckhalle<\/p>\n<p>Mit 12 Bikern ging unsere letzte Ausfahrt nach Neum\u00fcnster \u2013 Pl\u00f6n \u2013 Malente \u2013 Bad Segeberg \u2013 Flugplatz Hartenholm.<\/p>\n<p>&nbsp;<\/p>\n<p><strong>02.11.06<\/strong> Bikerstammtisch 19.00 Uhr Kiebitzreiher Stuben<\/p>\n<p>Es wurde der neue  Jahresterminplan f\u00fcr 2007 bekannt gegeben<\/p>\n<p>&nbsp;<\/p>\n<p><strong>07.12.06<\/strong> Bikerstammtisch 19.00 Uhr Kiebitzreiher Stuben<\/p>\n<p>Eva Und Benny gaben bekannt, dass die Silvesterfeier in den Kiebitzreiher Stuben ausf\u00e4llt. Die beiden f\u00fchren die Kiebitzreiher Stuben ab n\u00e4chstem Jahr nicht mehr. Wie schade!!!<\/p>\n<p>&nbsp;<\/p>\n<p><strong>11.01.07<\/strong> Bikerstammtisch 19.00 Uhr Kiebitzreiher Stuben<\/p>\n<p>Zum Gl\u00fcck haben alle die Feiertage gut \u00fcberstanden. F\u00fcr unsere festen Veranstaltungen wurden Teilnehmerlisten zum Eintragen rumgereicht. Obwohl wir uns am n\u00e4chsten Tag zum Essen und Bowling treffen wollten, war unser Bikerstammtisch gut besucht.<\/p>\n<p>&nbsp;<\/p>\n<p><strong>12.01.07<\/strong> Essen bei Schweinske mit anschlie\u00dfendem Bowling<\/p>\n<p>29 Biker haben sich f\u00fcr diesen Abend angemeldet. Erschienen sind leider nur 21 Personen. Trotzdem verlebten wir einen sch\u00f6nen Abend. Highlight dieses Abends war unser Wolfgang Malien  (besser bekannt als Dieter Bohlen), der anscheinend noch nie eine Bowlingkugel in der Hand hatte, aber alles abr\u00e4umte, was irgendwie im Wege stand.<\/p>\n<p>&nbsp;<\/p>\n<p><strong>15.02.07<\/strong> Bikerstammtisch 19.00 Uhr Kiebitzreiher Stuben<\/p>\n<p>Die n\u00e4chsten Termine, wie z. B. das Graue Erbsenessen wurden besprochen.<\/p>\n<p>&nbsp;<\/p>\n<p><strong>20.02.07<\/strong> Graue Erbsenessen in den Kiebitzreiher Stuben<\/p>\n<p>Es wurde ein feuchtfr\u00f6hlicher Abend mit 61 Bikern. Viele meinten aber, dass der Preis mit 9,50 \u20ac f\u00fcr ein Graue Erbsenessen zu hoch angesetzt sei.<\/p>\n<p>&nbsp;<\/p>\n<p>&nbsp;<\/p>\n<p>&nbsp;<\/p>\n<p><strong>22.03.07<\/strong> Bikerstammtisch 19.00 Uhr Kiebitzreiher Stuben<\/p>\n<p>Es wurde beschlossen, den geplanten Bikerfr\u00fchschoppen am 01.04.07 mit einem Fr\u00fchst\u00fcck zu beginnen.<\/p>\n<p>&nbsp;<\/p>\n<p><strong>01.04.07<\/strong> Bikerfr\u00fchschoppen 10.00 Uhr Kiebitzreiher Stuben.<\/p>\n<p>Mit \u00fcber 30 Bikern war der so genannte Bikerfr\u00fchschoppen gut besucht. Wir hatten einen herrlichen Sonnentag und viele kamen mit ihren Maschinen vorgefahren.<\/p>\n<p>&nbsp;<\/p>\n<p><strong>22.04.07<\/strong> Einl\u00e4uten der Bikersaison<\/p>\n<p>Wir haben uns um 10.00 Uhr mit 18 Bikern und 13 Maschinen an der Mehrzweckhalle getroffen. Unser Ziel war die Aalkate in Rade am Nord-Ostsee-Kanal. Anschlie\u00dfend ging es zum Hagebau-Markt nach Itzehoe. Dort fand  ein Markt rund um das Motorrad statt.<\/p>\n<p>&nbsp;<\/p>\n<p><strong>26.04.07<\/strong> Bikerstammtisch 19.00 Uhr Kiebitzreiher Stuben<\/p>\n<p>Heute wurden die letzten Details f\u00fcr die Teilnahme an dem Sicherheitstraining am 06.05.07 besprochen.<\/p>\n<p>Dank Heino haben wir \u00fcberhaupt die M\u00f6glichkeit an so einem Sicherheitstraining f\u00fcr Biker in Neum\u00fcnster teilzunehmen. Ausrichter ist die Polizei und die Kosten belaufen sich auf ca. 65.00 \u20ac. Dieses Angebot wurde gerne von vielen angenommen.<\/p>\n<p>&nbsp;<\/p>\n<p><strong>06.05.07<\/strong> Sicherheitstraining<\/p>\n<p>Mit 24 Bikern und 21 Maschinen ging zum Sicherheitstraining in die Boostedt-Kaserne. Alle Beteiligten waren restlos begeistert. Vielen Dank noch einmal an Heino Biel f\u00fcr die Organisation.<\/p>\n<p>&nbsp;<\/p>\n<p><strong>20.05.07<\/strong> Ausfahrt 10.00 Uhr Mehrzweckhalle<\/p>\n<p>Mit 13 Bikern und 10 Maschinen ging es \u00fcber Wischhafen nach Cuxhaven und zu den altbew\u00e4hrten Fischbr\u00f6tchen.<\/p>\n<p>&nbsp;<\/p>\n<p><strong>31.05.07<\/strong> Bikerstammtisch 19.00 Uhr Kiebitzreiher Stuben<\/p>\n<p>Details zur gro\u00dfen Ausfahrt vom 30.06.07 besprochen.<\/p>\n<p>&nbsp;<\/p>\n<p><strong>03.06.07<\/strong> Ausfahrt 10.00 Uhr Mehrzweckhalle<\/p>\n<p>Mit 10 Bikern und 8 Maschinen ging es zum Sch\u00f6neberger Strand. Danach zum Eisessen nach Ro\u00dfdorf Weidmannsruh.<\/p>\n<p>&nbsp;<\/p>\n<p><strong>17.06.07<\/strong> Ausfahrt 10.00 Uhr Mehrzweckhalle<\/p>\n<p>Leider fiel diese Ausfahrt aufgrund zu niedriger Beteiligung (2 Motorr\u00e4der) aus.<\/p>\n<p>&nbsp;<\/p>\n<p><strong>30.06.07<\/strong> Gro\u00dfe Ausfahrt 9.00 Uhr Mehrzweckhalle mit anschlie\u00dfender Feier<\/p>\n<p>Mit 40 Bikern und 30 Maschinen ging die Fahrt erst \u00fcber die Autobahn A7 in Richtung L\u00fcneburger Heide. Unser Ziel war Schneeverdingen. Dort angekommen, ging es gleich vom Motorrad auf die Pferdekutsche. Gem\u00fctlich und entspannt zottelten wir mit super Reisef\u00fchrer ca. 1 Stunde durch die Heide. Anschlie\u00dfend durften wir uns mit leckerer Erbsensuppe und Getr\u00e4nken st\u00e4rken. Tolle Organisation!!<\/p>\n<p>Auf unserem weiteren Weg nach Jesteburg fiel leider Gabys Maschine aus.  Doch wir hatten ja vorgesorgt und einen \u201eB\u00fcrstenwagen\u201c dabei. Schnell wurde die Maschine aufgeladen und die Fahrt konnte weitergehen. In Jesteburg gab es eine tolle Eisdiele zum Verweilen, zudem hatten alle die M\u00f6glichkeit zu tanken. Ankunft in Kiebitzreihe war ca. 17.00 Uhr. Meinen herzlichsten Dank  noch einmal an die Organisatoren dieser Ausfahrt,  Uta und Holger Laubinger.<\/p>\n<p>Ab 19.00 Uhr war dann Treffen in den Kiebitzreiher Stuben angesagt. Mit 50 Leuten machten wir uns \u00fcber die Spanferkel und selbst gemachten Salate (nat\u00fcrlich wieder von Biker-Frauen gemacht) her. War super lecker!!!  Nach dem Essen ging es mit flotter Musik weiter und wir verlebten mal wieder einen lustigen Abend. Ich muss schon sagen: Die Biker verstehen es zu feiern!!<\/p>\n<p>&nbsp;<\/p>\n<p><strong>05.07.07<\/strong>  Bikerstammtisch 19.00 Uhr Kiebitzreiher Stuben<\/p>\n<p>Bei diesem Treffen war die gro\u00dfe Ausfahrt Hauptthema.  Als Dankesch\u00f6n f\u00fcr ihren unerm\u00fcdlichen Einsatz bekamen Uta und Holger von uns  einen Essengutschein.<\/p>\n<p>Der Zulauf zu unserem Bikerstammtisch scheint kein Ende zu nehmen, mittlerweile ist die Anzahl auf  ca. 60 Biker angewachsen.<\/p>\n<p>&nbsp;<\/p>\n<p><strong>15.07.07 <\/strong>     Ausfahrt 10.00 Uhr Mehrzweckhalle<\/p>\n<p>Mit 14 Bikern und 13 Maschinen ging es in Richtung Bosau an den Pl\u00f6ner See.<\/p>\n<p>&nbsp;<\/p>\n<p><strong>29.07.07<\/strong>      Ausfahrt 10.00 Uhr Mehrzweckhalle<\/p>\n<p>Trotz Regenwetter fanden sich 4 Biker mit 3 Maschinen ein. Die Fahrt ging nach Neufeld.<\/p>\n<p>&nbsp;<\/p>\n<p><strong>09.08.07<\/strong>       Bikerstammtisch 19.00 Uhr Kiebitzreiher Stuben<\/p>\n<p>Sensationelle Beteiligung mit weit \u00fcber 50 Bikern. Thema dieses Abends war nat\u00fcrlich die geplante Ausfahrt zum Gutshaus. Zimmerbelegung, Reiseroute standen zur Debatte.  Ergebnis: Statt Landstrasse sollte es \u00fcber die Autobahn  A 20 gehen.<\/p>\n<p>&nbsp;<\/p>\n<p><strong>12.08.07 <\/strong>      Ausfahrt 10.00 Uhr Mehrzweckhalle<\/p>\n<p>Mit 32 Bikern und 22 Maschinen wurde f\u00fcr eine \u201enormale Sonntagsausfahrt\u201c ein Teilnehmerrekord aufgestellt. Die Fahrt ging in die Meldorfer Bucht und nach St. Peter Ording.<\/p>\n<p>&nbsp;<\/p>\n<p><strong>23.08. \u2013 26.08.07<\/strong>  Ausfahrt nach Alt-Tellin zum Gutshaus Angemeldet hatten sich f\u00fcr die Fahrt 42 Personen und sage und schreibe 41 Personen waren in der Tat mit dabei.<\/p>\n<p>Am Donnerstagmorgen fuhren wir mit 25 Maschinen in Richtung Bad Bramstedt, der Rest von uns wollte sich allein auf den Weg machen. Kurz vor L\u00fcbeck bei unserer ersten Rast erblickten wir auf einmal Bernd und Martina. Wie der Zufall es will, folgten sie uns wohl schon ab Bad Bramstedt. Weiter ging es auf die A 20. Unser n\u00e4chster Halt f\u00fchrte uns auf eine Autobahnrastst\u00e4tte bei Rostock. Wir verlie\u00dfen die Autobahn bei Tessin und fuhren gem\u00fctlich weiter \u00fcber Landstrassen Richtung Gutshaus. In alt gewohnter Weise war dort schon alles f\u00fcr uns hergerichtet, d.h. man hatte gleich sein 1.Bier in der Hand. Auf Conny, unserem Geburtstagskind, wartete eine \u00dcberraschung in Form einer Geburtstagstorte. Nils und Crew bewirteten uns auch dieses Mal wieder perfekt. Da das Bikerhotel zu 2\/3 in unserer Hand war, hatte Nils Zeit uns auf unseren beiden Tagestouren zu begleiten bzw. zu f\u00fchren.<\/p>\n","protected":false},"excerpt":{"rendered":"<p>Chronik Bikerstammtisch Stand : 14.12.2007 18.12.04 Weihnachtsfeier RWK Oldies, erster Tresenschnack von einer Bikertour. &nbsp; 13.08.05 Erste Bikertour mit 20 Maschinen durch Schleswig Holstein (Kiebitzreihe- Aukrug- Kiel- Eckernf\u00f6rde- Heide Zweiradmuseum- Albersdorf-Kiebitzreihe). Ankunft 17.15 Uhr Kiebitzreiher Stuben. Ab 18.30 Uhr wurde &hellip; <a href=\"https:\/\/bikerstammtisch-kiebitzreihe.de\/?page_id=33\">Weiterlesen <span class=\"meta-nav\">&rarr;<\/span><\/a><\/p>\n","protected":false},"author":1,"featured_media":0,"parent":0,"menu_order":0,"comment_status":"closed","ping_status":"closed","template":"","meta":{"ngg_post_thumbnail":0,"jetpack_post_was_ever_published":false,"footnotes":""},"categories":[],"tags":[],"class_list":["post-33","page","type-page","status-publish","hentry"],"aioseo_notices":[],"jetpack_shortlink":"https:\/\/wp.me\/P8QhLS-x","jetpack-related-posts":[{"id":2233,"url":"https:\/\/bikerstammtisch-kiebitzreihe.de\/?page_id=2233","url_meta":{"origin":33,"position":0},"title":"\u00dcber uns","author":"Helge","date":"12. Juli 2017","format":false,"excerpt":"Wie Ihr der Chronik entnehmen k\u00f6nnt, ist die Idee vom Bikerstammtisch 2004 entstanden. Wir sind kein Verein, es gibt keinen Mitgliederbeitrag, keine Geb\u00fchren und auch keine Verpflichtungen. Ja, was gibt es denn dann \u00fcberhaupt? Die Mitglieder bestehen aus Bikerprofis, Gelegenheitsfahrern und nicht mehr aktiven Fahrern. Von 30 - 80 Jahre\u2026","rel":"","context":"Mit 3 Kommentaren","block_context":{"text":"Mit 3 Kommentaren","link":"https:\/\/bikerstammtisch-kiebitzreihe.de\/?page_id=2233#comments"},"img":{"alt_text":"","src":"","width":0,"height":0},"classes":[]},{"id":3046,"url":"https:\/\/bikerstammtisch-kiebitzreihe.de\/?page_id=3046","url_meta":{"origin":33,"position":1},"title":"Graue Erbsen essen","author":"Helge","date":"6. Dezember 2017","format":false,"excerpt":"Hier k\u00f6nnt Ihr sehen, wer sich f\u00fcr das Gr\u00fcnkohlessen\u00a0 angemeldet hat. Am 10.02.2018 bekommt Nicole die Liste, die Leute die draufstehen, sind damit verbindlich gemeldet. Der Preis f\u00fcr das Essen betr\u00e4gt wahrscheinlich 15,50\u20ac (muss noch nachgefragt werden). [eme_bookings id=79 template_id=8 template_id_header=9 template_id_footer=10]","rel":"","context":"In &quot;Veranstaltung&quot;","block_context":{"text":"Veranstaltung","link":"https:\/\/bikerstammtisch-kiebitzreihe.de\/?cat=61"},"img":{"alt_text":"","src":"","width":0,"height":0},"classes":[]},{"id":3911,"url":"https:\/\/bikerstammtisch-kiebitzreihe.de\/?page_id=3911","url_meta":{"origin":33,"position":2},"title":"Termine","author":"Helge","date":"23. Oktober 2018","format":false,"excerpt":"Da das Plugin f\u00fcr Termine nicht mehr weiterentwickelt wurde, k\u00f6nnen derzeitig keine Termine angelegt\/dargestellt werden. Bitte schaut im Downloadbereich nach dem PDF mit den Terminen. (ist aktuell noch nicht fertig) F\u00fcr diejenigen, welche Termine gerne elektronisch verarbeiten, ist hier eine ICS Datei zum Importieren. BSKR2025Herunterladen","rel":"","context":"\u00c4hnlicher Beitrag","block_context":{"text":"\u00c4hnlicher Beitrag","link":""},"img":{"alt_text":"","src":"","width":0,"height":0},"classes":[]},{"id":340,"url":"https:\/\/bikerstammtisch-kiebitzreihe.de\/?page_id=340","url_meta":{"origin":33,"position":3},"title":"Linksammlung","author":"Helge","date":"17. Juni 2017","format":false,"excerpt":"Hier pr\u00e4sentieren wir euch Ausflugsziele, Unterk\u00fcnfte, L\u00e4den usw. welche irgendwann schon mal irgendwie im Zusammenhang mit dem Bikerstammtisch standen. Bitte kommentiert die Seite, wenn ihr etwas aufgenommen haben wollt. Unterk\u00fcnfte Das Gutshaus Bikerwirt-Harz Landgasthaus \"Zur Linde\" Hessenm\u00fchle Znaimer Hof Landgasthof \"Zum Jossgrund\" Ausflugsziele Klimahaus Bremerhaven Deutsches Auswandererhaus L\u00e4den Motorradteile Jens\u2026","rel":"","context":"Mit 4 Kommentaren","block_context":{"text":"Mit 4 Kommentaren","link":"https:\/\/bikerstammtisch-kiebitzreihe.de\/?page_id=340#comments"},"img":{"alt_text":"","src":"","width":0,"height":0},"classes":[]},{"id":3282,"url":"https:\/\/bikerstammtisch-kiebitzreihe.de\/?page_id=3282","url_meta":{"origin":33,"position":4},"title":"Grusswort","author":"Helge","date":"12. Februar 2018","format":false,"excerpt":"Gru\u00dfwort und Konzeptionelle \u00dcberlegungen im Hinblick auf die Durchf\u00fchrung des 4. Motorradgottesdienstes Kiebitzreihe am 18. Mai 2017 \u00a0 \u00a0 R\u00fcckblick Der Evangelisch-Lutherischen Kirche zugewandte Motorradfahrer aus Kiebitzreihe (Kreis Steinburg\/SH) um Initiator Gunter Martens und der damalige Pastor Dr. Zerrath haben 2013 einen ersten Motorradgottesdienst in der Gemeinde veranstaltet. Das Motorradgottesdienst-Team\u2026","rel":"","context":"In &quot;MoGo 2017&quot;","block_context":{"text":"MoGo 2017","link":"https:\/\/bikerstammtisch-kiebitzreihe.de\/?cat=83"},"img":{"alt_text":"","src":"","width":0,"height":0},"classes":[]},{"id":3184,"url":"https:\/\/bikerstammtisch-kiebitzreihe.de\/?page_id=3184","url_meta":{"origin":33,"position":5},"title":"Gru\u00dfwort","author":"Helge","date":"12. Februar 2018","format":false,"excerpt":"Hier kannst du den Flyer herunterladen:\u00a0Flyer MoGo 2016 Gru\u00dfwort und Konzeptionelle \u00dcberlegungen im Hinblick auf die Durchf\u00fchrung des 3. Motorradgottesdienstes Kiebitzreihe am 22. Mai 2016 \u00a0 R\u00fcckblick Der Evangelisch-Lutherischen Kirche zugewandte Motorradfahrer aus Kiebitzreihe (Kreis Steinburg\/SH) um Initiator Gunter Martens und der damalige Pastor Dr. Zerrath haben 2013 einen ersten\u2026","rel":"","context":"In &quot;MoGo 2016&quot;","block_context":{"text":"MoGo 2016","link":"https:\/\/bikerstammtisch-kiebitzreihe.de\/?cat=82"},"img":{"alt_text":"","src":"","width":0,"height":0},"classes":[]}],"jetpack_likes_enabled":true,"jetpack_sharing_enabled":true,"_links":{"self":[{"href":"https:\/\/bikerstammtisch-kiebitzreihe.de\/index.php?rest_route=\/wp\/v2\/pages\/33","targetHints":{"allow":["GET"]}}],"collection":[{"href":"https:\/\/bikerstammtisch-kiebitzreihe.de\/index.php?rest_route=\/wp\/v2\/pages"}],"about":[{"href":"https:\/\/bikerstammtisch-kiebitzreihe.de\/index.php?rest_route=\/wp\/v2\/types\/page"}],"author":[{"embeddable":true,"href":"https:\/\/bikerstammtisch-kiebitzreihe.de\/index.php?rest_route=\/wp\/v2\/users\/1"}],"replies":[{"embeddable":true,"href":"https:\/\/bikerstammtisch-kiebitzreihe.de\/index.php?rest_route=%2Fwp%2Fv2%2Fcomments&post=33"}],"version-history":[{"count":4,"href":"https:\/\/bikerstammtisch-kiebitzreihe.de\/index.php?rest_route=\/wp\/v2\/pages\/33\/revisions"}],"predecessor-version":[{"id":37,"href":"https:\/\/bikerstammtisch-kiebitzreihe.de\/index.php?rest_route=\/wp\/v2\/pages\/33\/revisions\/37"}],"wp:attachment":[{"href":"https:\/\/bikerstammtisch-kiebitzreihe.de\/index.php?rest_route=%2Fwp%2Fv2%2Fmedia&parent=33"}],"wp:term":[{"taxonomy":"category","embeddable":true,"href":"https:\/\/bikerstammtisch-kiebitzreihe.de\/index.php?rest_route=%2Fwp%2Fv2%2Fcategories&post=33"},{"taxonomy":"post_tag","embeddable":true,"href":"https:\/\/bikerstammtisch-kiebitzreihe.de\/index.php?rest_route=%2Fwp%2Fv2%2Ftags&post=33"}],"curies":[{"name":"wp","href":"https:\/\/api.w.org\/{rel}","templated":true}]}}