{"id":4308,"date":"2019-04-26T13:47:26","date_gmt":"2019-04-26T11:47:26","guid":{"rendered":"http:\/\/bikerstammtisch-kiebitzreihe.de\/?page_id=4308"},"modified":"2019-04-26T21:25:48","modified_gmt":"2019-04-26T19:25:48","slug":"pressemitteilungen-2","status":"publish","type":"page","link":"https:\/\/bikerstammtisch-kiebitzreihe.de\/?page_id=4308","title":{"rendered":"Pressemitteilungen"},"content":{"rendered":"<p>Hier sammeln wir unsere Artikel aus den Medien.<\/p>\n\n<table id=\"tablepress-2\" class=\"tablepress tablepress-id-2\">\n<tbody class=\"row-striping row-hover\">\n<tr class=\"row-1\">\n\t<td class=\"column-1\"><a href=\"https:\/\/i0.wp.com\/bikerstammtisch-kiebitzreihe.de\/wp-content\/uploads\/2019\/04\/20190426_102218-1-e1556305947213.jpeg\"><img data-recalc-dims=\"1\" loading=\"lazy\" decoding=\"async\" src=\"https:\/\/i0.wp.com\/bikerstammtisch-kiebitzreihe.de\/wp-content\/uploads\/2019\/04\/20190426_102218-1-e1556305947213-290x300.jpeg?resize=290%2C300\" alt=\"\" width=\"290\" height=\"300\" class=\"aligncenter size-medium wp-image-4339\" srcset=\"https:\/\/i0.wp.com\/bikerstammtisch-kiebitzreihe.de\/wp-content\/uploads\/2019\/04\/20190426_102218-1-e1556305947213.jpeg?resize=290%2C300&amp;ssl=1 290w, https:\/\/i0.wp.com\/bikerstammtisch-kiebitzreihe.de\/wp-content\/uploads\/2019\/04\/20190426_102218-1-e1556305947213.jpeg?resize=600%2C621&amp;ssl=1 600w, https:\/\/i0.wp.com\/bikerstammtisch-kiebitzreihe.de\/wp-content\/uploads\/2019\/04\/20190426_102218-1-e1556305947213.jpeg?resize=24%2C24&amp;ssl=1 24w, https:\/\/i0.wp.com\/bikerstammtisch-kiebitzreihe.de\/wp-content\/uploads\/2019\/04\/20190426_102218-1-e1556305947213.jpeg?w=606&amp;ssl=1 606w\" sizes=\"auto, (max-width: 290px) 100vw, 290px\" \/><\/a><\/td>\n<\/tr>\n<tr class=\"row-2\">\n\t<td class=\"column-1\"><a href=\"https:\/\/i0.wp.com\/bikerstammtisch-kiebitzreihe.de\/wp-content\/uploads\/2019\/04\/20190426_102520-11.jpeg\"><img data-recalc-dims=\"1\" loading=\"lazy\" decoding=\"async\" src=\"https:\/\/i0.wp.com\/bikerstammtisch-kiebitzreihe.de\/wp-content\/uploads\/2019\/04\/20190426_102520-11-203x300.jpeg?resize=203%2C300\" alt=\"\" width=\"203\" height=\"300\" class=\"aligncenter size-medium wp-image-4340\" srcset=\"https:\/\/i0.wp.com\/bikerstammtisch-kiebitzreihe.de\/wp-content\/uploads\/2019\/04\/20190426_102520-11.jpeg?resize=203%2C300&amp;ssl=1 203w, https:\/\/i0.wp.com\/bikerstammtisch-kiebitzreihe.de\/wp-content\/uploads\/2019\/04\/20190426_102520-11.jpeg?resize=768%2C1135&amp;ssl=1 768w, https:\/\/i0.wp.com\/bikerstammtisch-kiebitzreihe.de\/wp-content\/uploads\/2019\/04\/20190426_102520-11.jpeg?resize=693%2C1024&amp;ssl=1 693w, https:\/\/i0.wp.com\/bikerstammtisch-kiebitzreihe.de\/wp-content\/uploads\/2019\/04\/20190426_102520-11.jpeg?resize=600%2C887&amp;ssl=1 600w, https:\/\/i0.wp.com\/bikerstammtisch-kiebitzreihe.de\/wp-content\/uploads\/2019\/04\/20190426_102520-11.jpeg?resize=1320%2C1951&amp;ssl=1 1320w, https:\/\/i0.wp.com\/bikerstammtisch-kiebitzreihe.de\/wp-content\/uploads\/2019\/04\/20190426_102520-11.jpeg?w=1839&amp;ssl=1 1839w\" sizes=\"auto, (max-width: 203px) 100vw, 203px\" \/><\/a><\/td>\n<\/tr>\n<tr class=\"row-3\">\n\t<td class=\"column-1\"><a href=\"https:\/\/i0.wp.com\/bikerstammtisch-kiebitzreihe.de\/wp-content\/uploads\/2019\/04\/20190425_134953_001-e1556306004507.jpeg\"><img data-recalc-dims=\"1\" loading=\"lazy\" decoding=\"async\" src=\"https:\/\/i0.wp.com\/bikerstammtisch-kiebitzreihe.de\/wp-content\/uploads\/2019\/04\/20190425_134953_001-e1556306004507-215x300.jpeg?resize=215%2C300\" alt=\"\" width=\"215\" height=\"300\" class=\"aligncenter size-medium wp-image-4338\" srcset=\"https:\/\/i0.wp.com\/bikerstammtisch-kiebitzreihe.de\/wp-content\/uploads\/2019\/04\/20190425_134953_001-e1556306004507.jpeg?resize=215%2C300&amp;ssl=1 215w, https:\/\/i0.wp.com\/bikerstammtisch-kiebitzreihe.de\/wp-content\/uploads\/2019\/04\/20190425_134953_001-e1556306004507.jpeg?resize=768%2C1072&amp;ssl=1 768w, https:\/\/i0.wp.com\/bikerstammtisch-kiebitzreihe.de\/wp-content\/uploads\/2019\/04\/20190425_134953_001-e1556306004507.jpeg?resize=734%2C1024&amp;ssl=1 734w, https:\/\/i0.wp.com\/bikerstammtisch-kiebitzreihe.de\/wp-content\/uploads\/2019\/04\/20190425_134953_001-e1556306004507.jpeg?resize=600%2C837&amp;ssl=1 600w, https:\/\/i0.wp.com\/bikerstammtisch-kiebitzreihe.de\/wp-content\/uploads\/2019\/04\/20190425_134953_001-e1556306004507.jpeg?resize=1320%2C1842&amp;ssl=1 1320w, https:\/\/i0.wp.com\/bikerstammtisch-kiebitzreihe.de\/wp-content\/uploads\/2019\/04\/20190425_134953_001-e1556306004507.jpeg?w=1920&amp;ssl=1 1920w\" sizes=\"auto, (max-width: 215px) 100vw, 215px\" \/><\/a><\/td>\n<\/tr>\n<tr class=\"row-4\">\n\t<td class=\"column-1\"><a href=\"https:\/\/i0.wp.com\/bikerstammtisch-kiebitzreihe.de\/wp-content\/uploads\/2019\/04\/Gemeindebrief-Fr%C3%BChjahr-Sommer-2019-Christus-Kirche-Kiebitzreihe.jpg\"><img data-recalc-dims=\"1\" loading=\"lazy\" decoding=\"async\" src=\"https:\/\/i0.wp.com\/bikerstammtisch-kiebitzreihe.de\/wp-content\/uploads\/2019\/04\/Gemeindebrief-Fr%C3%BChjahr-Sommer-2019-Christus-Kirche-Kiebitzreihe-300x217.jpg?resize=300%2C217\" alt=\"\" width=\"300\" height=\"217\" class=\"aligncenter size-medium wp-image-4320\" srcset=\"https:\/\/i0.wp.com\/bikerstammtisch-kiebitzreihe.de\/wp-content\/uploads\/2019\/04\/Gemeindebrief-Fr%C3%BChjahr-Sommer-2019-Christus-Kirche-Kiebitzreihe.jpg?resize=300%2C217&amp;ssl=1 300w, https:\/\/i0.wp.com\/bikerstammtisch-kiebitzreihe.de\/wp-content\/uploads\/2019\/04\/Gemeindebrief-Fr%C3%BChjahr-Sommer-2019-Christus-Kirche-Kiebitzreihe.jpg?resize=768%2C555&amp;ssl=1 768w, https:\/\/i0.wp.com\/bikerstammtisch-kiebitzreihe.de\/wp-content\/uploads\/2019\/04\/Gemeindebrief-Fr%C3%BChjahr-Sommer-2019-Christus-Kirche-Kiebitzreihe.jpg?resize=1024%2C740&amp;ssl=1 1024w, https:\/\/i0.wp.com\/bikerstammtisch-kiebitzreihe.de\/wp-content\/uploads\/2019\/04\/Gemeindebrief-Fr%C3%BChjahr-Sommer-2019-Christus-Kirche-Kiebitzreihe.jpg?resize=600%2C434&amp;ssl=1 600w, https:\/\/i0.wp.com\/bikerstammtisch-kiebitzreihe.de\/wp-content\/uploads\/2019\/04\/Gemeindebrief-Fr%C3%BChjahr-Sommer-2019-Christus-Kirche-Kiebitzreihe.jpg?resize=1320%2C954&amp;ssl=1 1320w, https:\/\/i0.wp.com\/bikerstammtisch-kiebitzreihe.de\/wp-content\/uploads\/2019\/04\/Gemeindebrief-Fr%C3%BChjahr-Sommer-2019-Christus-Kirche-Kiebitzreihe.jpg?w=1920&amp;ssl=1 1920w\" sizes=\"auto, (max-width: 300px) 100vw, 300px\" \/><\/a><\/td>\n<\/tr>\n<tr class=\"row-5\">\n\t<td class=\"column-1\"><\/td>\n<\/tr>\n<\/tbody>\n<\/table>\n<!-- #tablepress-2 from cache -->\n\n","protected":false},"excerpt":{"rendered":"<p>Hier sammeln wir unsere Artikel aus den Medien.<\/p>\n","protected":false},"author":1,"featured_media":0,"parent":0,"menu_order":0,"comment_status":"open","ping_status":"closed","template":"","meta":{"ngg_post_thumbnail":0,"jetpack_post_was_ever_published":false,"footnotes":""},"categories":[327],"tags":[],"class_list":["post-4308","page","type-page","status-publish","hentry","category-motorradgottesdienst2019"],"aioseo_notices":[],"jetpack_shortlink":"https:\/\/wp.me\/P8QhLS-17u","jetpack-related-posts":[{"id":146,"url":"https:\/\/bikerstammtisch-kiebitzreihe.de\/?page_id=146","url_meta":{"origin":4308,"position":0},"title":"Pressemitteilungen","author":"Helge","date":"14. Juni 2017","format":false,"excerpt":"Hier sammeln wir undsere Artikel aus den Medien.","rel":"","context":"\u00c4hnlicher Beitrag","block_context":{"text":"\u00c4hnlicher Beitrag","link":""},"img":{"alt_text":"","src":"","width":0,"height":0},"classes":[]},{"id":143,"url":"https:\/\/bikerstammtisch-kiebitzreihe.de\/?page_id=143","url_meta":{"origin":4308,"position":1},"title":"Medien","author":"Helge","date":"14. Juni 2017","format":false,"excerpt":"Hier sammeln wir, Zeitungsartikel und Bilder von Veranstaltungen.","rel":"","context":"\u00c4hnlicher Beitrag","block_context":{"text":"\u00c4hnlicher Beitrag","link":""},"img":{"alt_text":"","src":"","width":0,"height":0},"classes":[]},{"id":3184,"url":"https:\/\/bikerstammtisch-kiebitzreihe.de\/?page_id=3184","url_meta":{"origin":4308,"position":2},"title":"Gru\u00dfwort","author":"Helge","date":"12. Februar 2018","format":false,"excerpt":"Hier kannst du den Flyer herunterladen:\u00a0Flyer MoGo 2016 Gru\u00dfwort und Konzeptionelle \u00dcberlegungen im Hinblick auf die Durchf\u00fchrung des 3. Motorradgottesdienstes Kiebitzreihe am 22. Mai 2016 \u00a0 R\u00fcckblick Der Evangelisch-Lutherischen Kirche zugewandte Motorradfahrer aus Kiebitzreihe (Kreis Steinburg\/SH) um Initiator Gunter Martens und der damalige Pastor Dr. Zerrath haben 2013 einen ersten\u2026","rel":"","context":"In &quot;MoGo 2016&quot;","block_context":{"text":"MoGo 2016","link":"https:\/\/bikerstammtisch-kiebitzreihe.de\/?cat=82"},"img":{"alt_text":"","src":"","width":0,"height":0},"classes":[]},{"id":4304,"url":"https:\/\/bikerstammtisch-kiebitzreihe.de\/?page_id=4304","url_meta":{"origin":4308,"position":3},"title":"Flyer MoGo 2019","author":"Helge","date":"26. April 2019","format":false,"excerpt":"MoGo Kiebitzreihe 2019 Flyer Vorderseite Mogo Kiebitzreihe 2019 Flyer R\u00fcckseite","rel":"","context":"In &quot;MoGo 2019&quot;","block_context":{"text":"MoGo 2019","link":"https:\/\/bikerstammtisch-kiebitzreihe.de\/?cat=327"},"img":{"alt_text":"","src":"https:\/\/i0.wp.com\/bikerstammtisch-kiebitzreihe.de\/wp-content\/uploads\/2019\/04\/MoGo2019-141x300.jpg?resize=350%2C200","width":350,"height":200},"classes":[]},{"id":3282,"url":"https:\/\/bikerstammtisch-kiebitzreihe.de\/?page_id=3282","url_meta":{"origin":4308,"position":4},"title":"Grusswort","author":"Helge","date":"12. Februar 2018","format":false,"excerpt":"Gru\u00dfwort und Konzeptionelle \u00dcberlegungen im Hinblick auf die Durchf\u00fchrung des 4. Motorradgottesdienstes Kiebitzreihe am 18. Mai 2017 \u00a0 \u00a0 R\u00fcckblick Der Evangelisch-Lutherischen Kirche zugewandte Motorradfahrer aus Kiebitzreihe (Kreis Steinburg\/SH) um Initiator Gunter Martens und der damalige Pastor Dr. Zerrath haben 2013 einen ersten Motorradgottesdienst in der Gemeinde veranstaltet. Das Motorradgottesdienst-Team\u2026","rel":"","context":"In &quot;MoGo 2017&quot;","block_context":{"text":"MoGo 2017","link":"https:\/\/bikerstammtisch-kiebitzreihe.de\/?cat=83"},"img":{"alt_text":"","src":"","width":0,"height":0},"classes":[]},{"id":3130,"url":"https:\/\/bikerstammtisch-kiebitzreihe.de\/?page_id=3130","url_meta":{"origin":4308,"position":5},"title":"Presseberichte","author":"Helge","date":"2. Februar 2018","format":false,"excerpt":"","rel":"","context":"In &quot;MoGo 2018&quot;","block_context":{"text":"MoGo 2018","link":"https:\/\/bikerstammtisch-kiebitzreihe.de\/?cat=84"},"img":{"alt_text":"","src":"https:\/\/i0.wp.com\/bikerstammtisch-kiebitzreihe.de\/wp-content\/uploads\/2018\/06\/Juryergebnis-Gottesdienstpreis-2018-215x300.jpg?resize=350%2C200","width":350,"height":200},"classes":[]}],"jetpack_likes_enabled":true,"jetpack_sharing_enabled":true,"_links":{"self":[{"href":"https:\/\/bikerstammtisch-kiebitzreihe.de\/index.php?rest_route=\/wp\/v2\/pages\/4308","targetHints":{"allow":["GET"]}}],"collection":[{"href":"https:\/\/bikerstammtisch-kiebitzreihe.de\/index.php?rest_route=\/wp\/v2\/pages"}],"about":[{"href":"https:\/\/bikerstammtisch-kiebitzreihe.de\/index.php?rest_route=\/wp\/v2\/types\/page"}],"author":[{"embeddable":true,"href":"https:\/\/bikerstammtisch-kiebitzreihe.de\/index.php?rest_route=\/wp\/v2\/users\/1"}],"replies":[{"embeddable":true,"href":"https:\/\/bikerstammtisch-kiebitzreihe.de\/index.php?rest_route=%2Fwp%2Fv2%2Fcomments&post=4308"}],"version-history":[{"count":5,"href":"https:\/\/bikerstammtisch-kiebitzreihe.de\/index.php?rest_route=\/wp\/v2\/pages\/4308\/revisions"}],"predecessor-version":[{"id":4344,"href":"https:\/\/bikerstammtisch-kiebitzreihe.de\/index.php?rest_route=\/wp\/v2\/pages\/4308\/revisions\/4344"}],"wp:attachment":[{"href":"https:\/\/bikerstammtisch-kiebitzreihe.de\/index.php?rest_route=%2Fwp%2Fv2%2Fmedia&parent=4308"}],"wp:term":[{"taxonomy":"category","embeddable":true,"href":"https:\/\/bikerstammtisch-kiebitzreihe.de\/index.php?rest_route=%2Fwp%2Fv2%2Fcategories&post=4308"},{"taxonomy":"post_tag","embeddable":true,"href":"https:\/\/bikerstammtisch-kiebitzreihe.de\/index.php?rest_route=%2Fwp%2Fv2%2Ftags&post=4308"}],"curies":[{"name":"wp","href":"https:\/\/api.w.org\/{rel}","templated":true}]}}